Last updated on 2025-05-10 16:52:42 CEST.
Flavor | Version | Tinstall | Tcheck | Ttotal | Status | Flags |
---|---|---|---|---|---|---|
r-devel-linux-x86_64-debian-clang | 0.2-18 | 2.72 | 40.79 | 43.51 | OK | |
r-devel-linux-x86_64-debian-gcc | 0.2-18 | 2.07 | 30.76 | 32.83 | OK | |
r-devel-linux-x86_64-fedora-clang | 0.2-18 | 65.61 | OK | |||
r-devel-linux-x86_64-fedora-gcc | 0.2-18 | 64.07 | OK | |||
r-devel-windows-x86_64 | 0.2-18 | 6.00 | 56.00 | 62.00 | OK | |
r-patched-linux-x86_64 | 0.2-18 | 3.12 | 38.57 | 41.69 | OK | |
r-release-linux-x86_64 | 0.2-18 | 2.75 | 38.08 | 40.83 | OK | |
r-release-macos-arm64 | 0.2-18 | 26.00 | OK | |||
r-release-macos-x86_64 | 0.2-18 | 45.00 | OK | |||
r-release-windows-x86_64 | 0.2-18 | 5.00 | 58.00 | 63.00 | OK | |
r-oldrel-macos-arm64 | 0.2-18 | 28.00 | NOTE | |||
r-oldrel-macos-x86_64 | 0.2-18 | 206.00 | NOTE | |||
r-oldrel-windows-x86_64 | 0.2-18 | 5.00 | 65.00 | 70.00 | NOTE |
Version: 0.2-18
Check: package dependencies
Result: NOTE
Package which this enhances but not available for checking: ‘kmndirs’
Flavors: r-oldrel-macos-arm64, r-oldrel-macos-x86_64, r-oldrel-windows-x86_64