Last updated on 2025-07-21 20:50:18 CEST.
Flavor | Version | Tinstall | Tcheck | Ttotal | Status | Flags |
---|---|---|---|---|---|---|
r-devel-linux-x86_64-debian-clang | 2.1.5 | 5.79 | 78.43 | 84.22 | NOTE | |
r-devel-linux-x86_64-debian-gcc | 2.1.5 | 3.88 | 58.12 | 62.00 | NOTE | |
r-devel-linux-x86_64-fedora-clang | 2.1.5 | 131.72 | OK | |||
r-devel-linux-x86_64-fedora-gcc | 2.1.5 | 151.42 | OK | |||
r-devel-windows-x86_64 | 2.1.5 | 7.00 | 91.00 | 98.00 | NOTE | |
r-patched-linux-x86_64 | 2.1.5 | 5.90 | 73.29 | 79.19 | NOTE | |
r-release-linux-x86_64 | 2.1.5 | 5.42 | 74.96 | 80.38 | NOTE | |
r-release-macos-arm64 | 2.1.5 | 51.00 | OK | |||
r-release-macos-x86_64 | 2.1.5 | 90.00 | OK | |||
r-release-windows-x86_64 | 2.1.5 | 7.00 | 90.00 | 97.00 | NOTE | |
r-oldrel-macos-arm64 | 2.1.5 | 53.00 | OK | |||
r-oldrel-macos-x86_64 | 2.1.5 | 80.00 | OK | |||
r-oldrel-windows-x86_64 | 2.1.5 | 10.00 | 111.00 | 121.00 | OK |
Version: 2.1.5
Check: Rd cross-references
Result: NOTE
Found the following Rd file(s) with Rd \link{} targets missing package
anchors:
knit_print.Rd: collapse
print.Rd: tbl_format_setup
Please provide package anchors for all Rd \link{} targets not in the
package itself and the base packages.
Flavors: r-devel-linux-x86_64-debian-clang, r-devel-linux-x86_64-debian-gcc, r-devel-windows-x86_64, r-patched-linux-x86_64, r-release-linux-x86_64, r-release-windows-x86_64