Last updated on 2025-05-10 16:52:42 CEST.
Flavor | Version | Tinstall | Tcheck | Ttotal | Status | Flags |
---|---|---|---|---|---|---|
r-devel-linux-x86_64-debian-clang | 1.5.2 | 160.16 | 203.14 | 363.30 | OK | |
r-devel-linux-x86_64-debian-gcc | 1.5.2 | 112.14 | 128.42 | 240.56 | OK | |
r-devel-linux-x86_64-fedora-clang | 1.5.2 | 696.81 | OK | |||
r-devel-linux-x86_64-fedora-gcc | 1.5.2 | 635.89 | OK | |||
r-devel-windows-x86_64 | 1.5.2 | 182.00 | 223.00 | 405.00 | OK | |
r-patched-linux-x86_64 | 1.5.2 | 154.91 | 186.09 | 341.00 | OK | |
r-release-linux-x86_64 | 1.5.2 | 154.80 | 186.50 | 341.30 | OK | |
r-release-macos-arm64 | 1.5.2 | 133.00 | OK | |||
r-release-macos-x86_64 | 1.5.2 | 166.00 | OK | |||
r-release-windows-x86_64 | 1.5.2 | 179.00 | 221.00 | 400.00 | OK | |
r-oldrel-macos-arm64 | 1.5.2 | 127.00 | NOTE | |||
r-oldrel-macos-x86_64 | 1.5.2 | 160.00 | NOTE | |||
r-oldrel-windows-x86_64 | 1.5.2 | 221.00 | 279.00 | 500.00 | OK |
Version: 1.5.2
Check: installed package size
Result: NOTE
installed size is 11.8Mb
sub-directories of 1Mb or more:
R 2.1Mb
extdata 1.3Mb
libs 7.8Mb
Flavors: r-oldrel-macos-arm64, r-oldrel-macos-x86_64