CRAN Package Check Results for Package simplanonym

Last updated on 2025-05-10 12:49:55 CEST.

Flavor Version Tinstall Tcheck Ttotal Status Flags
r-devel-linux-x86_64-debian-clang 0.1.0 1.39 21.72 23.11 NOTE
r-devel-linux-x86_64-debian-gcc 0.1.0 1.37 17.60 18.97 NOTE
r-devel-linux-x86_64-fedora-clang 0.1.0 35.09 NOTE
r-devel-linux-x86_64-fedora-gcc 0.1.0 33.19 NOTE
r-devel-windows-x86_64 0.1.0 3.00 41.00 44.00 NOTE
r-patched-linux-x86_64 0.1.0 1.63 20.13 21.76 NOTE
r-release-linux-x86_64 0.1.0 1.64 20.08 21.72 NOTE
r-release-macos-arm64 0.1.0 18.00 NOTE
r-release-macos-x86_64 0.1.0 30.00 NOTE
r-release-windows-x86_64 0.1.0 4.00 43.00 47.00 NOTE
r-oldrel-macos-arm64 0.1.0 18.00 OK
r-oldrel-macos-x86_64 0.1.0 26.00 OK
r-oldrel-windows-x86_64 0.1.0 4.00 46.00 50.00 OK

Check Details

Version: 0.1.0
Check: DESCRIPTION meta-information
Result: NOTE Missing dependency on R >= 4.1.0 because package code uses the pipe |> or function shorthand \(...) syntax added in R 4.1.0. File(s) using such syntax: ‘anon.R’ ‘anonymise.Rd’ Flavors: r-devel-linux-x86_64-debian-clang, r-devel-linux-x86_64-debian-gcc, r-devel-linux-x86_64-fedora-clang, r-devel-linux-x86_64-fedora-gcc, r-devel-windows-x86_64, r-patched-linux-x86_64, r-release-linux-x86_64, r-release-macos-arm64, r-release-macos-x86_64, r-release-windows-x86_64