Last updated on 2025-05-10 12:49:55 CEST.
Flavor | Version | Tinstall | Tcheck | Ttotal | Status | Flags |
---|---|---|---|---|---|---|
r-devel-linux-x86_64-debian-clang | 1.2.10 | 37.15 | 38.83 | 75.98 | OK | |
r-devel-linux-x86_64-debian-gcc | 1.2.10 | 23.43 | 28.38 | 51.81 | OK | |
r-devel-linux-x86_64-fedora-clang | 1.2.10 | 123.11 | OK | |||
r-devel-linux-x86_64-fedora-gcc | 1.2.10 | 133.25 | OK | |||
r-devel-windows-x86_64 | 1.2.10 | 39.00 | 85.00 | 124.00 | OK | |
r-patched-linux-x86_64 | 1.2.10 | 36.08 | 35.79 | 71.87 | OK | |
r-release-linux-x86_64 | 1.2.10 | 34.23 | 36.24 | 70.47 | OK | |
r-release-macos-arm64 | 1.2.10 | 38.00 | OK | |||
r-release-macos-x86_64 | 1.2.10 | 64.00 | OK | |||
r-release-windows-x86_64 | 1.2.10 | 39.00 | 88.00 | 127.00 | OK | |
r-oldrel-macos-arm64 | 1.2.10 | 50.00 | NOTE | |||
r-oldrel-macos-x86_64 | 1.2.10 | 94.00 | NOTE | |||
r-oldrel-windows-x86_64 | 1.2.10 | 46.00 | 99.00 | 145.00 | OK |
Version: 1.2.10
Check: installed package size
Result: NOTE
installed size is 5.1Mb
sub-directories of 1Mb or more:
libs 4.8Mb
Flavors: r-oldrel-macos-arm64, r-oldrel-macos-x86_64