CRAN Package Check Results for Package shinyaframe

Last updated on 2025-05-10 08:50:51 CEST.

Flavor Version Tinstall Tcheck Ttotal Status Flags
r-devel-linux-x86_64-debian-clang 1.0.1 1.91 22.48 24.39 OK
r-devel-linux-x86_64-debian-gcc 1.0.1 1.41 17.84 19.25 OK
r-devel-linux-x86_64-fedora-clang 1.0.1 40.82 NOTE
r-devel-linux-x86_64-fedora-gcc 1.0.1 50.87 NOTE
r-devel-windows-x86_64 1.0.1 4.00 46.00 50.00 OK
r-patched-linux-x86_64 1.0.1 1.99 21.89 23.88 OK
r-release-linux-x86_64 1.0.1 1.51 21.62 23.13 OK
r-release-macos-arm64 1.0.1 23.00 OK
r-release-macos-x86_64 1.0.1 40.00 OK
r-release-windows-x86_64 1.0.1 4.00 45.00 49.00 OK
r-oldrel-macos-arm64 1.0.1 24.00 NOTE
r-oldrel-macos-x86_64 1.0.1 36.00 NOTE
r-oldrel-windows-x86_64 1.0.1 4.00 50.00 54.00 NOTE

Check Details

Version: 1.0.1
Check: dependencies in R code
Result: NOTE Namespace in Imports field not imported from: ‘shiny’ All declared Imports should be used. Flavors: r-devel-linux-x86_64-fedora-clang, r-devel-linux-x86_64-fedora-gcc

Version: 1.0.1
Check: LazyData
Result: NOTE 'LazyData' is specified without a 'data' directory Flavors: r-oldrel-macos-arm64, r-oldrel-macos-x86_64, r-oldrel-windows-x86_64