Last updated on 2025-05-10 12:49:55 CEST.
Flavor | Version | Tinstall | Tcheck | Ttotal | Status | Flags |
---|---|---|---|---|---|---|
r-devel-linux-x86_64-debian-clang | 0.1 | 12.40 | 90.58 | 102.98 | NOTE | |
r-devel-linux-x86_64-debian-gcc | 0.1 | 9.08 | 65.86 | 74.94 | NOTE | |
r-devel-linux-x86_64-fedora-clang | 0.1 | 156.38 | OK | |||
r-devel-linux-x86_64-fedora-gcc | 0.1 | 148.93 | OK | |||
r-devel-windows-x86_64 | 0.1 | 13.00 | 98.00 | 111.00 | OK | |
r-patched-linux-x86_64 | 0.1 | 11.22 | 86.23 | 97.45 | OK | |
r-release-linux-x86_64 | 0.1 | 11.25 | 85.92 | 97.17 | OK | |
r-release-macos-arm64 | 0.1 | 51.00 | OK | |||
r-release-macos-x86_64 | 0.1 | 83.00 | OK | |||
r-release-windows-x86_64 | 0.1 | 15.00 | 96.00 | 111.00 | OK | |
r-oldrel-macos-arm64 | 0.1 | 38.00 | NOTE | |||
r-oldrel-macos-x86_64 | 0.1 | 64.00 | NOTE | |||
r-oldrel-windows-x86_64 | 0.1 | 17.00 | 114.00 | 131.00 | NOTE |
Version: 0.1
Check: CRAN incoming feasibility
Result: NOTE
Maintainer: ‘Huseyin Yildiz <huseyinyildiz35@gmail.com>’
No Authors@R field in DESCRIPTION.
Please add one, modifying
Authors@R: person(given = "Huseyin",
family = "Yildiz",
role = c("aut", "cre"),
email = "huseyinyildiz35@gmail.com")
as necessary.
Flavors: r-devel-linux-x86_64-debian-clang, r-devel-linux-x86_64-debian-gcc
Version: 0.1
Check: LazyData
Result: NOTE
'LazyData' is specified without a 'data' directory
Flavors: r-oldrel-macos-arm64, r-oldrel-macos-x86_64, r-oldrel-windows-x86_64