Last updated on 2025-05-10 08:50:51 CEST.
Flavor | Version | Tinstall | Tcheck | Ttotal | Status | Flags |
---|---|---|---|---|---|---|
r-devel-linux-x86_64-debian-clang | 1.1.1 | 6.98 | 45.49 | 52.47 | OK | |
r-devel-linux-x86_64-debian-gcc | 1.1.1 | 5.50 | 34.67 | 40.17 | OK | |
r-devel-linux-x86_64-fedora-clang | 1.1.1 | 81.10 | OK | |||
r-devel-linux-x86_64-fedora-gcc | 1.1.1 | 73.46 | OK | |||
r-devel-windows-x86_64 | 1.1.1 | 13.00 | 67.00 | 80.00 | OK | |
r-patched-linux-x86_64 | 1.1.1 | 7.13 | 41.28 | 48.41 | OK | |
r-release-linux-x86_64 | 1.1.1 | 6.65 | 42.20 | 48.85 | OK | |
r-release-macos-arm64 | 1.1.1 | 34.00 | OK | |||
r-release-macos-x86_64 | 1.1.1 | 46.00 | OK | |||
r-release-windows-x86_64 | 1.1.1 | 12.00 | 71.00 | 83.00 | OK | |
r-oldrel-macos-arm64 | 1.1.1 | 26.00 | NOTE | |||
r-oldrel-macos-x86_64 | 1.1.1 | 38.00 | NOTE | |||
r-oldrel-windows-x86_64 | 1.1.1 | 14.00 | 80.00 | 94.00 | NOTE |
Version: 1.1.1
Check: installed package size
Result: NOTE
installed size is 20.5Mb
sub-directories of 1Mb or more:
www 19.7Mb
Flavors: r-oldrel-macos-arm64, r-oldrel-macos-x86_64, r-oldrel-windows-x86_64