Last updated on 2025-05-10 08:50:51 CEST.
Flavor | Version | Tinstall | Tcheck | Ttotal | Status | Flags |
---|---|---|---|---|---|---|
r-devel-linux-x86_64-debian-clang | 0.1.0 | 4.09 | 29.38 | 33.47 | OK | |
r-devel-linux-x86_64-debian-gcc | 0.1.0 | 3.00 | 23.15 | 26.15 | OK | |
r-devel-linux-x86_64-fedora-clang | 0.1.0 | 53.62 | OK | |||
r-devel-linux-x86_64-fedora-gcc | 0.1.0 | 48.61 | OK | |||
r-devel-windows-x86_64 | 0.1.0 | 7.00 | 49.00 | 56.00 | OK | |
r-patched-linux-x86_64 | 0.1.0 | 3.73 | 28.44 | 32.17 | OK | |
r-release-linux-x86_64 | 0.1.0 | 4.06 | 28.44 | 32.50 | OK | |
r-release-macos-arm64 | 0.1.0 | 27.00 | OK | |||
r-release-macos-x86_64 | 0.1.0 | 34.00 | OK | |||
r-release-windows-x86_64 | 0.1.0 | 7.00 | 50.00 | 57.00 | OK | |
r-oldrel-macos-arm64 | 0.1.0 | 19.00 | NOTE | |||
r-oldrel-macos-x86_64 | 0.1.0 | 28.00 | NOTE | |||
r-oldrel-windows-x86_64 | 0.1.0 | 8.00 | 58.00 | 66.00 | NOTE |
Version: 0.1.0
Check: installed package size
Result: NOTE
installed size is 9.5Mb
sub-directories of 1Mb or more:
www 9.4Mb
Flavors: r-oldrel-macos-arm64, r-oldrel-macos-x86_64, r-oldrel-windows-x86_64
Version: 0.1.0
Check: LazyData
Result: NOTE
'LazyData' is specified without a 'data' directory
Flavors: r-oldrel-macos-arm64, r-oldrel-macos-x86_64, r-oldrel-windows-x86_64