Last updated on 2025-07-15 09:51:37 CEST.
Flavor | Version | Tinstall | Tcheck | Ttotal | Status | Flags |
---|---|---|---|---|---|---|
r-devel-linux-x86_64-debian-clang | 0.3.0 | 4.47 | 66.87 | 71.34 | OK | |
r-devel-linux-x86_64-debian-gcc | 0.3.0 | 3.72 | 49.69 | 53.41 | OK | |
r-devel-linux-x86_64-fedora-clang | 0.3.0 | 6.41 | ERROR | |||
r-devel-linux-x86_64-fedora-gcc | 0.3.0 | 131.06 | OK | |||
r-devel-windows-x86_64 | 0.3.0 | 6.00 | 84.00 | 90.00 | OK | |
r-patched-linux-x86_64 | 0.3.0 | 4.60 | 63.81 | 68.41 | OK | |
r-release-linux-x86_64 | 0.3.0 | 4.27 | 63.50 | 67.77 | OK | |
r-release-macos-arm64 | 0.3.0 | 49.00 | OK | |||
r-release-macos-x86_64 | 0.3.0 | 88.00 | OK | |||
r-release-windows-x86_64 | 0.3.0 | 6.00 | 81.00 | 87.00 | OK | |
r-oldrel-macos-arm64 | 0.3.0 | 39.00 | OK | |||
r-oldrel-macos-x86_64 | 0.3.0 | 74.00 | OK | |||
r-oldrel-windows-x86_64 | 0.3.0 | 8.00 | 100.00 | 108.00 | OK |
Version: 0.3.0
Check: whether package can be installed
Result: ERROR
Installation failed.
Flavor: r-devel-linux-x86_64-fedora-clang