Last updated on 2025-05-10 20:49:53 CEST.
Flavor | Version | Tinstall | Tcheck | Ttotal | Status | Flags |
---|---|---|---|---|---|---|
r-devel-linux-x86_64-debian-clang | 0.1.0 | 4.54 | 37.73 | 42.27 | OK | |
r-devel-linux-x86_64-debian-gcc | 0.1.0 | 3.39 | 28.32 | 31.71 | OK | |
r-devel-linux-x86_64-fedora-clang | 0.1.0 | 73.02 | OK | |||
r-devel-linux-x86_64-fedora-gcc | 0.1.0 | 64.45 | OK | |||
r-devel-windows-x86_64 | 0.1.0 | 6.00 | 53.00 | 59.00 | OK | |
r-patched-linux-x86_64 | 0.1.0 | 4.39 | 34.87 | 39.26 | OK | |
r-release-linux-x86_64 | 0.1.0 | 4.92 | 35.26 | 40.18 | OK | |
r-release-macos-arm64 | 0.1.0 | 28.00 | OK | |||
r-release-macos-x86_64 | 0.1.0 | 46.00 | OK | |||
r-release-windows-x86_64 | 0.1.0 | 7.00 | 55.00 | 62.00 | OK | |
r-oldrel-macos-arm64 | 0.1.0 | 23.00 | NOTE | |||
r-oldrel-macos-x86_64 | 0.1.0 | 34.00 | NOTE | |||
r-oldrel-windows-x86_64 | 0.1.0 | 7.00 | 63.00 | 70.00 | NOTE |
Version: 0.1.0
Check: LazyData
Result: NOTE
'LazyData' is specified without a 'data' directory
Flavors: r-oldrel-macos-arm64, r-oldrel-macos-x86_64, r-oldrel-windows-x86_64