Last updated on 2025-07-22 01:49:30 CEST.
Flavor | Version | Tinstall | Tcheck | Ttotal | Status | Flags |
---|---|---|---|---|---|---|
r-devel-linux-x86_64-debian-clang | 0.1-0 | 5.86 | 32.06 | 37.92 | OK | |
r-devel-linux-x86_64-debian-gcc | 0.1-0 | 3.76 | 23.14 | 26.90 | OK | |
r-devel-linux-x86_64-fedora-clang | 0.1-0 | 60.84 | OK | |||
r-devel-linux-x86_64-fedora-gcc | 0.1-0 | 55.39 | OK | |||
r-devel-windows-x86_64 | 0.1-0 | 5.00 | 45.00 | 50.00 | OK | |
r-patched-linux-x86_64 | 0.1-0 | 5.67 | 29.54 | 35.21 | OK | |
r-release-linux-x86_64 | 0.1-0 | 5.23 | 29.40 | 34.63 | OK | |
r-release-macos-arm64 | 0.1-0 | 22.00 | OK | |||
r-release-macos-x86_64 | 0.1-0 | 43.00 | OK | |||
r-release-windows-x86_64 | 0.1-0 | 5.00 | 49.00 | 54.00 | OK | |
r-oldrel-macos-arm64 | 0.1-0 | 20.00 | NOTE | |||
r-oldrel-macos-x86_64 | 0.1-0 | 33.00 | NOTE | |||
r-oldrel-windows-x86_64 | 0.1-0 | 6.00 | 46.00 | 52.00 | NOTE |
Version: 0.1-0
Check: LazyData
Result: NOTE
'LazyData' is specified without a 'data' directory
Flavors: r-oldrel-macos-arm64, r-oldrel-macos-x86_64, r-oldrel-windows-x86_64