CRAN Package Check Results for Package sensibo.sky

Last updated on 2025-05-10 20:49:53 CEST.

Flavor Version Tinstall Tcheck Ttotal Status Flags
r-devel-linux-x86_64-debian-clang 1.0.0 2.05 20.68 22.73 OK
r-devel-linux-x86_64-debian-gcc 1.0.0 1.63 16.46 18.09 OK
r-devel-linux-x86_64-fedora-clang 1.0.0 35.96 OK
r-devel-linux-x86_64-fedora-gcc 1.0.0 35.15 OK
r-devel-windows-x86_64 1.0.0 4.00 43.00 47.00 OK
r-patched-linux-x86_64 1.0.0 1.91 19.64 21.55 OK
r-release-linux-x86_64 1.0.0 2.11 19.85 21.96 OK
r-release-macos-arm64 1.0.0 21.00 OK
r-release-macos-x86_64 1.0.0 26.00 OK
r-release-windows-x86_64 1.0.0 3.00 44.00 47.00 OK
r-oldrel-macos-arm64 1.0.0 16.00 NOTE
r-oldrel-macos-x86_64 1.0.0 22.00 NOTE
r-oldrel-windows-x86_64 1.0.0 4.00 47.00 51.00 NOTE

Check Details

Version: 1.0.0
Check: LazyData
Result: NOTE 'LazyData' is specified without a 'data' directory Flavors: r-oldrel-macos-arm64, r-oldrel-macos-x86_64, r-oldrel-windows-x86_64