Last updated on 2025-05-10 16:52:41 CEST.
Flavor | Version | Tinstall | Tcheck | Ttotal | Status | Flags |
---|---|---|---|---|---|---|
r-devel-linux-x86_64-debian-clang | 0.8.5 | 19.01 | 195.47 | 214.48 | NOTE | |
r-devel-linux-x86_64-debian-gcc | 0.8.5 | 13.25 | 137.25 | 150.50 | NOTE | |
r-devel-linux-x86_64-fedora-clang | 0.8.5 | 348.75 | NOTE | |||
r-devel-linux-x86_64-fedora-gcc | 0.8.5 | 378.05 | NOTE | |||
r-devel-windows-x86_64 | 0.8.5 | 23.00 | 199.00 | 222.00 | NOTE | |
r-patched-linux-x86_64 | 0.8.5 | 22.25 | 186.30 | 208.55 | NOTE | |
r-release-linux-x86_64 | 0.8.5 | 21.12 | 185.26 | 206.38 | NOTE | |
r-release-macos-arm64 | 0.8.5 | 103.00 | NOTE | |||
r-release-macos-x86_64 | 0.8.5 | 245.00 | NOTE | |||
r-release-windows-x86_64 | 0.8.5 | 24.00 | 201.00 | 225.00 | NOTE | |
r-oldrel-macos-arm64 | 0.8.5 | 98.00 | NOTE | |||
r-oldrel-macos-x86_64 | 0.8.5 | 208.00 | NOTE | |||
r-oldrel-windows-x86_64 | 0.8.5 | 30.00 | 270.00 | 300.00 | NOTE |
Version: 0.8.5
Check: CRAN incoming feasibility
Result: NOTE
Maintainer: ‘Gustavo Paterno <paternogbc@gmail.com>’
Package CITATION file contains call(s) to old-style personList() or
as.personList(). Please use c() on person objects instead.
Package CITATION file contains call(s) to old-style citEntry(). Please
use bibentry() instead.
Flavors: r-devel-linux-x86_64-debian-clang, r-devel-linux-x86_64-debian-gcc
Version: 0.8.5
Check: Rd files
Result: NOTE
checkRd: (-1) match_dataphy.Rd:37-38: Lost braces in \itemize; meant \describe ?
checkRd: (-1) match_dataphy.Rd:39-41: Lost braces in \itemize; meant \describe ?
checkRd: (-1) match_dataphy.Rd:42-44: Lost braces in \itemize; meant \describe ?
Flavors: r-devel-linux-x86_64-debian-clang, r-devel-linux-x86_64-debian-gcc, r-devel-linux-x86_64-fedora-clang, r-devel-linux-x86_64-fedora-gcc, r-devel-windows-x86_64, r-patched-linux-x86_64, r-release-linux-x86_64, r-release-macos-arm64, r-release-macos-x86_64, r-release-windows-x86_64, r-oldrel-macos-arm64, r-oldrel-macos-x86_64, r-oldrel-windows-x86_64