Last updated on 2025-05-10 16:52:41 CEST.
Flavor | Version | Tinstall | Tcheck | Ttotal | Status | Flags |
---|---|---|---|---|---|---|
r-devel-linux-x86_64-debian-clang | 0.9.20 | 19.15 | 825.51 | 844.66 | NOTE | |
r-devel-linux-x86_64-debian-gcc | 0.9.20 | 12.58 | 396.75 | 409.33 | NOTE | |
r-devel-linux-x86_64-fedora-clang | 0.9.20 | 912.88 | OK | |||
r-devel-linux-x86_64-fedora-gcc | 0.9.20 | 842.81 | OK | |||
r-devel-windows-x86_64 | 0.9.20 | 18.00 | 403.00 | 421.00 | NOTE | |
r-patched-linux-x86_64 | 0.9.20 | 18.93 | 517.10 | 536.03 | NOTE | |
r-release-linux-x86_64 | 0.9.20 | 18.69 | 500.53 | 519.22 | NOTE | |
r-release-macos-arm64 | 0.9.20 | 242.00 | OK | |||
r-release-macos-x86_64 | 0.9.20 | 444.00 | OK | |||
r-release-windows-x86_64 | 0.9.20 | 20.00 | 386.00 | 406.00 | NOTE | |
r-oldrel-macos-arm64 | 0.9.20 | 195.00 | OK | |||
r-oldrel-macos-x86_64 | 0.9.20 | 336.00 | NOTE | |||
r-oldrel-windows-x86_64 | 0.9.20 | 26.00 | 557.00 | 583.00 | OK |
Version: 0.9.20
Check: Rd cross-references
Result: NOTE
Found the following Rd file(s) with Rd \link{} targets missing package
anchors:
evaluateDataLikelihood.Rd: OpenMx
semtree.Rd: OpenMx, mxModel
Please provide package anchors for all Rd \link{} targets not in the
package itself and the base packages.
Flavors: r-devel-linux-x86_64-debian-clang, r-devel-linux-x86_64-debian-gcc, r-devel-windows-x86_64, r-patched-linux-x86_64, r-release-linux-x86_64, r-release-windows-x86_64
Version: 0.9.20
Check: package dependencies
Result: NOTE
Package suggested but not available for checking: ‘ctsemOMX’
Flavor: r-oldrel-macos-x86_64