CRAN Package Check Results for Package secrettext

Last updated on 2025-07-24 09:50:11 CEST.

Flavor Version Tinstall Tcheck Ttotal Status Flags
r-devel-linux-x86_64-debian-clang 0.1.0 3.83 36.83 40.66 NOTE
r-devel-linux-x86_64-debian-gcc 0.1.0 2.96 26.14 29.10 NOTE
r-devel-linux-x86_64-fedora-clang 0.1.0 62.88 NOTE
r-devel-linux-x86_64-fedora-gcc 0.1.0 57.51 NOTE
r-devel-windows-x86_64 0.1.0 5.00 52.00 57.00 OK
r-patched-linux-x86_64 0.1.0 3.89 33.08 36.97 OK
r-release-linux-x86_64 0.1.0 3.31 33.28 36.59 OK
r-release-macos-arm64 0.1.0 23.00 OK
r-release-macos-x86_64 0.1.0 39.00 OK
r-release-windows-x86_64 0.1.0 5.00 55.00 60.00 OK
r-oldrel-macos-arm64 0.1.0 22.00 NOTE
r-oldrel-macos-x86_64 0.1.0 31.00 NOTE
r-oldrel-windows-x86_64 0.1.0 6.00 61.00 67.00 NOTE

Check Details

Version: 0.1.0
Check: CRAN incoming feasibility
Result: NOTE Maintainer: ‘Danielle Quinn <danielle.quinn@mun.ca>’ No Authors@R field in DESCRIPTION. Please add one, modifying Authors@R: person(given = "Danielle", family = "Quinn", role = c("aut", "cre"), email = "danielle.quinn@mun.ca") as necessary. Flavors: r-devel-linux-x86_64-debian-clang, r-devel-linux-x86_64-debian-gcc

Version: 0.1.0
Check: dependencies in R code
Result: NOTE Namespace in Imports field not imported from: ‘testthat’ All declared Imports should be used. Flavors: r-devel-linux-x86_64-fedora-clang, r-devel-linux-x86_64-fedora-gcc

Version: 0.1.0
Check: LazyData
Result: NOTE 'LazyData' is specified without a 'data' directory Flavors: r-oldrel-macos-arm64, r-oldrel-macos-x86_64, r-oldrel-windows-x86_64