Last updated on 2025-05-10 20:49:53 CEST.
Flavor | Version | Tinstall | Tcheck | Ttotal | Status | Flags |
---|---|---|---|---|---|---|
r-devel-linux-x86_64-debian-clang | 1.10.0 | 6.40 | 83.51 | 89.91 | NOTE | |
r-devel-linux-x86_64-debian-gcc | 1.10.0 | 4.62 | 59.25 | 63.87 | NOTE | |
r-devel-linux-x86_64-fedora-clang | 1.10.0 | 141.92 | NOTE | |||
r-devel-linux-x86_64-fedora-gcc | 1.10.0 | 146.39 | NOTE | |||
r-devel-windows-x86_64 | 1.10.0 | 8.00 | 138.00 | 146.00 | NOTE | |
r-patched-linux-x86_64 | 1.10.0 | 7.10 | 77.05 | 84.15 | NOTE | |
r-release-linux-x86_64 | 1.10.0 | 6.08 | 77.42 | 83.50 | NOTE | |
r-release-macos-arm64 | 1.10.0 | 51.00 | NOTE | |||
r-release-macos-x86_64 | 1.10.0 | 81.00 | NOTE | |||
r-release-windows-x86_64 | 1.10.0 | 8.00 | 139.00 | 147.00 | NOTE | |
r-oldrel-macos-arm64 | 1.10.0 | 43.00 | OK | |||
r-oldrel-macos-x86_64 | 1.10.0 | 122.00 | OK | |||
r-oldrel-windows-x86_64 | 1.10.0 | 9.00 | 154.00 | 163.00 | OK |
Version: 1.10.0
Check: DESCRIPTION meta-information
Result: NOTE
Missing dependency on R >= 4.1.0 because package code uses the pipe
|> or function shorthand \(...) syntax added in R 4.1.0.
File(s) using such syntax:
‘series.R’
Flavors: r-devel-linux-x86_64-debian-clang, r-devel-linux-x86_64-debian-gcc, r-devel-linux-x86_64-fedora-clang, r-devel-linux-x86_64-fedora-gcc, r-devel-windows-x86_64, r-patched-linux-x86_64, r-release-linux-x86_64, r-release-macos-arm64, r-release-macos-x86_64, r-release-windows-x86_64