Last updated on 2025-05-10 08:50:50 CEST.
Flavor | Version | Tinstall | Tcheck | Ttotal | Status | Flags |
---|---|---|---|---|---|---|
r-devel-linux-x86_64-debian-clang | 0.1.1 | 147.07 | 238.85 | 385.92 | OK | |
r-devel-linux-x86_64-debian-gcc | 0.1.1 | 111.25 | 171.01 | 282.26 | OK | |
r-devel-linux-x86_64-fedora-clang | 0.1.1 | 706.02 | OK | |||
r-devel-linux-x86_64-fedora-gcc | 0.1.1 | 776.49 | OK | |||
r-devel-windows-x86_64 | 0.1.1 | 240.00 | 260.00 | 500.00 | OK | |
r-patched-linux-x86_64 | 0.1.1 | 158.15 | 232.26 | 390.41 | OK | |
r-release-linux-x86_64 | 0.1.1 | 156.55 | 231.67 | 388.22 | OK | |
r-release-macos-arm64 | 0.1.1 | 209.00 | OK | |||
r-release-macos-x86_64 | 0.1.1 | 325.00 | OK | |||
r-release-windows-x86_64 | 0.1.1 | 238.00 | 265.00 | 503.00 | OK | |
r-oldrel-macos-arm64 | 0.1.1 | 199.00 | NOTE | |||
r-oldrel-macos-x86_64 | 0.1.1 | 363.00 | NOTE | |||
r-oldrel-windows-x86_64 | 0.1.1 | 264.00 | 335.00 | 599.00 | NOTE |
Version: 0.1.1
Check: installed package size
Result: NOTE
installed size is 31.7Mb
sub-directories of 1Mb or more:
cppad 9.4Mb
include 4.6Mb
libs 17.1Mb
Flavors: r-oldrel-macos-arm64, r-oldrel-macos-x86_64, r-oldrel-windows-x86_64