Last updated on 2025-05-10 20:49:52 CEST.
Flavor | Version | Tinstall | Tcheck | Ttotal | Status | Flags |
---|---|---|---|---|---|---|
r-devel-linux-x86_64-debian-clang | 0.1.2-21 | 6.79 | 64.39 | 71.18 | NOTE | |
r-devel-linux-x86_64-debian-gcc | 0.1.2-21 | 4.40 | 43.57 | 47.97 | NOTE | |
r-devel-linux-x86_64-fedora-clang | 0.1.2-21 | 99.42 | OK | |||
r-devel-linux-x86_64-fedora-gcc | 0.1.2-21 | 91.26 | OK | |||
r-devel-windows-x86_64 | 0.1.2-21 | 8.00 | 66.00 | 74.00 | OK | |
r-patched-linux-x86_64 | 0.1.2-21 | 6.47 | 58.27 | 64.74 | OK | |
r-release-linux-x86_64 | 0.1.2-21 | 5.59 | 58.32 | 63.91 | OK | |
r-release-macos-arm64 | 0.1.2-21 | 30.00 | OK | |||
r-release-macos-x86_64 | 0.1.2-21 | 53.00 | OK | |||
r-release-windows-x86_64 | 0.1.2-21 | 9.00 | 69.00 | 78.00 | OK | |
r-oldrel-macos-arm64 | 0.1.2-21 | 31.00 | OK | |||
r-oldrel-macos-x86_64 | 0.1.2-21 | 46.00 | OK | |||
r-oldrel-windows-x86_64 | 0.1.2-21 | 10.00 | 79.00 | 89.00 | OK |
Version: 0.1.2-21
Check: CRAN incoming feasibility
Result: NOTE
Maintainer: ‘Daisuke Murakami <dmuraka@ism.ac.jp>’
No Authors@R field in DESCRIPTION.
Please add one, modifying
Authors@R: c(person(given = "Daisuke",
family = "Murakami",
role = c("cre", "aut"),
email = "dmuraka@ism.ac.jp"),
person(given = "Narumasa",
family = "Tsutsumida",
role = "ctb"),
person(given = "Takahiro",
family = "Yoshida",
role = "ctb"),
person(given = "Tomoki",
family = "Nakaya",
role = "ctb"),
person(given = "Lu",
family = "Binbin",
role = "ctb"))
as necessary.
The Description field contains
<arXiv:1905.00266>.
Please refer to arXiv e-prints via their arXiv DOI <doi:10.48550/arXiv.YYMM.NNNNN>.
Flavors: r-devel-linux-x86_64-debian-clang, r-devel-linux-x86_64-debian-gcc