Last updated on 2025-11-06 16:51:39 CET.
| Flavor | Version | Tinstall | Tcheck | Ttotal | Status | Flags |
|---|---|---|---|---|---|---|
| r-devel-linux-x86_64-debian-clang | 0.2.0 | 3.70 | 54.67 | 58.37 | NOTE | |
| r-devel-linux-x86_64-debian-gcc | 0.2.0 | 2.80 | 37.66 | 40.46 | NOTE | |
| r-devel-linux-x86_64-fedora-clang | 0.2.0 | 88.30 | NOTE | |||
| r-devel-linux-x86_64-fedora-gcc | 0.2.0 | 83.41 | NOTE | |||
| r-devel-windows-x86_64 | 0.2.0 | 7.00 | 69.00 | 76.00 | NOTE | |
| r-patched-linux-x86_64 | 0.2.0 | 4.00 | 49.73 | 53.73 | NOTE | |
| r-release-linux-x86_64 | 0.2.0 | 3.39 | 49.93 | 53.32 | NOTE | |
| r-release-macos-arm64 | 0.2.0 | 2.00 | 24.00 | 26.00 | NOTE | |
| r-release-macos-x86_64 | 0.2.0 | 3.00 | 50.00 | 53.00 | NOTE | |
| r-release-windows-x86_64 | 0.2.0 | 7.00 | 67.00 | 74.00 | NOTE | |
| r-oldrel-macos-arm64 | 0.2.0 | 2.00 | 24.00 | 26.00 | OK | |
| r-oldrel-macos-x86_64 | 0.2.0 | 3.00 | 38.00 | 41.00 | OK | |
| r-oldrel-windows-x86_64 | 0.2.0 | 8.00 | 85.00 | 93.00 | OK |
Version: 0.2.0
Check: DESCRIPTION meta-information
Result: NOTE
Missing dependency on R >= 4.1.0 because package code uses the pipe
|> or function shorthand \(...) syntax added in R 4.1.0.
File(s) using such syntax:
‘nap.R’ ‘randomization_test.R’ ‘scdtb.R’
Flavors: r-devel-linux-x86_64-debian-clang, r-devel-linux-x86_64-debian-gcc, r-devel-linux-x86_64-fedora-clang, r-devel-linux-x86_64-fedora-gcc, r-devel-windows-x86_64, r-patched-linux-x86_64, r-release-linux-x86_64, r-release-macos-arm64, r-release-macos-x86_64, r-release-windows-x86_64