CRAN Package Check Results for Package sccr

Last updated on 2025-05-10 16:52:41 CEST.

Flavor Version Tinstall Tcheck Ttotal Status Flags
r-devel-linux-x86_64-debian-clang 2.1 1.79 23.13 24.92 NOTE
r-devel-linux-x86_64-debian-gcc 2.1 1.38 17.63 19.01 NOTE
r-devel-linux-x86_64-fedora-clang 2.1 38.23 OK
r-devel-linux-x86_64-fedora-gcc 2.1 36.31 OK
r-devel-windows-x86_64 2.1 3.00 43.00 46.00 OK
r-patched-linux-x86_64 2.1 1.79 21.81 23.60 OK
r-release-linux-x86_64 2.1 1.69 21.57 23.26 OK
r-release-macos-arm64 2.1 17.00 OK
r-release-macos-x86_64 2.1 35.00 OK
r-release-windows-x86_64 2.1 4.00 45.00 49.00 OK
r-oldrel-macos-arm64 2.1 19.00 OK
r-oldrel-macos-x86_64 2.1 23.00 OK
r-oldrel-windows-x86_64 2.1 4.00 47.00 51.00 OK

Check Details

Version: 2.1
Check: CRAN incoming feasibility
Result: NOTE Maintainer: ‘Alicja Wolny-Dominiak<woali@ue.katowice.pl>’ No Authors@R field in DESCRIPTION. Please add one, modifying Authors@R: c(person(given = "Peter", family = "Adamic", role = "aut"), person(given = "Alicja", family = "Wolny-Dominiak", role = c("aut", "cre"), email = "woali@ue.katowice.pl")) as necessary. Flavors: r-devel-linux-x86_64-debian-clang, r-devel-linux-x86_64-debian-gcc