Last updated on 2025-05-10 16:52:41 CEST.
Flavor | Version | Tinstall | Tcheck | Ttotal | Status | Flags |
---|---|---|---|---|---|---|
r-devel-linux-x86_64-debian-clang | 1.0.6 | 44.94 | 70.70 | 115.64 | OK | |
r-devel-linux-x86_64-debian-gcc | 1.0.6 | 33.15 | 48.74 | 81.89 | OK | |
r-devel-windows-x86_64 | 1.0.6 | 54.00 | 105.00 | 159.00 | OK | |
r-patched-linux-x86_64 | 1.0.6 | 46.43 | 63.77 | 110.20 | OK | |
r-release-linux-x86_64 | 1.0.6 | 43.88 | 63.66 | 107.54 | OK | |
r-release-macos-arm64 | 1.0.6 | 46.00 | OK | |||
r-release-macos-x86_64 | 1.0.6 | 83.00 | OK | |||
r-release-windows-x86_64 | 1.0.6 | 51.00 | 107.00 | 158.00 | OK | |
r-oldrel-macos-arm64 | 1.0.6 | 59.00 | NOTE | |||
r-oldrel-macos-x86_64 | 1.0.6 | 75.00 | NOTE | |||
r-oldrel-windows-x86_64 | 1.0.6 | 65.00 | 127.00 | 192.00 | OK |
Version: 1.0.6
Check: installed package size
Result: NOTE
installed size is 5.7Mb
sub-directories of 1Mb or more:
libs 4.9Mb
Flavors: r-oldrel-macos-arm64, r-oldrel-macos-x86_64