Last updated on 2025-05-10 12:49:54 CEST.
Flavor | Version | Tinstall | Tcheck | Ttotal | Status | Flags |
---|---|---|---|---|---|---|
r-devel-linux-x86_64-debian-clang | 0.0.1 | 5.97 | 64.96 | 70.93 | NOTE | |
r-devel-linux-x86_64-debian-gcc | 0.0.1 | 5.44 | 48.46 | 53.90 | NOTE | |
r-devel-linux-x86_64-fedora-clang | 0.0.1 | 113.34 | OK | |||
r-devel-linux-x86_64-fedora-gcc | 0.0.1 | 121.38 | OK | |||
r-devel-windows-x86_64 | 0.0.1 | 8.00 | 76.00 | 84.00 | NOTE | |
r-patched-linux-x86_64 | 0.0.1 | 7.04 | 63.41 | 70.45 | NOTE | |
r-release-linux-x86_64 | 0.0.1 | 6.52 | 62.55 | 69.07 | NOTE | |
r-release-macos-arm64 | 0.0.1 | 51.00 | OK | |||
r-release-macos-x86_64 | 0.0.1 | 95.00 | OK | |||
r-release-windows-x86_64 | 0.0.1 | 8.00 | 75.00 | 83.00 | NOTE | |
r-oldrel-macos-arm64 | 0.0.1 | 41.00 | NOTE | |||
r-oldrel-macos-x86_64 | 0.0.1 | 74.00 | NOTE | |||
r-oldrel-windows-x86_64 | 0.0.1 | 10.00 | 93.00 | 103.00 | NOTE |
Version: 0.0.1
Check: Rd cross-references
Result: NOTE
Found the following Rd file(s) with Rd \link{} targets missing package
anchors:
custom_scaffold_py_function_wrapper.Rd: py_function_docs
Please provide package anchors for all Rd \link{} targets not in the
package itself and the base packages.
Flavors: r-devel-linux-x86_64-debian-clang, r-devel-linux-x86_64-debian-gcc, r-devel-windows-x86_64, r-patched-linux-x86_64, r-release-linux-x86_64, r-release-windows-x86_64
Version: 0.0.1
Check: LazyData
Result: NOTE
'LazyData' is specified without a 'data' directory
Flavors: r-oldrel-macos-arm64, r-oldrel-macos-x86_64, r-oldrel-windows-x86_64