Last updated on 2024-05-19 12:53:58 CEST.
Flavor | Version | Tinstall | Tcheck | Ttotal | Status | Flags |
---|---|---|---|---|---|---|
r-devel-linux-x86_64-debian-clang | 2.1.2 | 51.29 | 360.54 | 411.83 | OK | |
r-devel-linux-x86_64-debian-gcc | 2.1.2 | 33.80 | 256.45 | 290.25 | OK | |
r-devel-linux-x86_64-fedora-clang | 2.1.2 | 514.22 | NOTE | |||
r-devel-linux-x86_64-fedora-gcc | 2.1.2 | 484.74 | OK | |||
r-devel-windows-x86_64 | 2.1.2 | 35.00 | 294.00 | 329.00 | OK | |
r-patched-linux-x86_64 | 2.1.2 | 31.46 | 333.28 | 364.74 | OK | |
r-release-linux-x86_64 | 2.1.2 | 29.16 | 341.80 | 370.96 | OK | |
r-release-macos-arm64 | 2.1.2 | 118.00 | NOTE | |||
r-release-macos-x86_64 | 2.1.2 | 353.00 | OK | |||
r-release-windows-x86_64 | 2.1.2 | 37.00 | 284.00 | 321.00 | OK | |
r-oldrel-macos-arm64 | 2.1.2 | 138.00 | NOTE | |||
r-oldrel-macos-x86_64 | 2.1.2 | 285.00 | NOTE | |||
r-oldrel-windows-x86_64 | 2.1.2 | 51.00 | 380.00 | 431.00 | OK |
Version: 2.1.2
Check: package dependencies
Result: NOTE
Imports includes 28 non-default packages.
Importing from so many packages makes the package vulnerable to any of
them becoming unavailable. Move as many as possible to Suggests and
use conditionally.
Flavor: r-devel-linux-x86_64-fedora-clang
Version: 2.1.2
Check: package dependencies
Result: NOTE
Packages suggested but not available for checking:
'dittoSeq', 'DropletUtils', 'Nebulosa'
Flavors: r-release-macos-arm64, r-oldrel-macos-arm64, r-oldrel-macos-x86_64
Version: 2.1.2
Check: Rd cross-references
Result: NOTE
Packages unavailable to check Rd xrefs: ‘DropletUtils’, ‘Nebulosa’
Flavors: r-release-macos-arm64, r-oldrel-macos-arm64, r-oldrel-macos-x86_64