CRAN Package Check Results for Package sampler

Last updated on 2025-05-10 08:50:50 CEST.

Flavor Version Tinstall Tcheck Ttotal Status Flags
r-devel-linux-x86_64-debian-clang 0.2.4 5.58 44.63 50.21 NOTE
r-devel-linux-x86_64-debian-gcc 0.2.4 4.12 32.31 36.43 NOTE
r-devel-linux-x86_64-fedora-clang 0.2.4 80.26 OK
r-devel-linux-x86_64-fedora-gcc 0.2.4 77.37 OK
r-devel-windows-x86_64 0.2.4 6.00 60.00 66.00 OK
r-patched-linux-x86_64 0.2.4 5.25 39.98 45.23 OK
r-release-linux-x86_64 0.2.4 4.78 39.93 44.71 OK
r-release-macos-arm64 0.2.4 27.00 OK
r-release-macos-x86_64 0.2.4 45.00 OK
r-release-windows-x86_64 0.2.4 7.00 62.00 69.00 OK
r-oldrel-macos-arm64 0.2.4 29.00 OK
r-oldrel-macos-x86_64 0.2.4 61.00 OK
r-oldrel-windows-x86_64 0.2.4 9.00 69.00 78.00 OK

Check Details

Version: 0.2.4
Check: CRAN incoming feasibility
Result: NOTE Maintainer: ‘Michael Baldassaro <mbaldassaro@gmail.com>’ No Authors@R field in DESCRIPTION. Please add one, modifying Authors@R: person(given = "Michael", family = "Baldassaro", role = c("aut", "cre"), email = "mbaldassaro@gmail.com") as necessary. Flavors: r-devel-linux-x86_64-debian-clang, r-devel-linux-x86_64-debian-gcc