CRAN Package Check Results for Package sampler

Last updated on 2025-07-27 01:48:33 CEST.

Flavor Version Tinstall Tcheck Ttotal Status Flags
r-devel-linux-x86_64-debian-clang 0.2.4 5.34 43.72 49.06 NOTE
r-devel-linux-x86_64-debian-gcc 0.2.4 3.97 33.07 37.04 NOTE
r-devel-linux-x86_64-fedora-clang 0.2.4 77.56 OK
r-devel-linux-x86_64-fedora-gcc 0.2.4 69.46 OK
r-devel-windows-x86_64 0.2.4 7.00 70.00 77.00 OK
r-patched-linux-x86_64 0.2.4 5.62 40.03 45.65 OK
r-release-linux-x86_64 0.2.4 4.74 39.82 44.56 OK
r-release-macos-arm64 0.2.4 27.00 OK
r-release-macos-x86_64 0.2.4 45.00 OK
r-release-windows-x86_64 0.2.4 6.00 62.00 68.00 OK
r-oldrel-macos-arm64 0.2.4 29.00 OK
r-oldrel-macos-x86_64 0.2.4 61.00 OK
r-oldrel-windows-x86_64 0.2.4 10.00 70.00 80.00 OK

Check Details

Version: 0.2.4
Check: CRAN incoming feasibility
Result: NOTE Maintainer: ‘Michael Baldassaro <mbaldassaro@gmail.com>’ No Authors@R field in DESCRIPTION. Please add one, modifying Authors@R: person(given = "Michael", family = "Baldassaro", role = c("aut", "cre"), email = "mbaldassaro@gmail.com") as necessary. Flavors: r-devel-linux-x86_64-debian-clang, r-devel-linux-x86_64-debian-gcc