CRAN Package Check Results for Package saeTrafo

Last updated on 2025-07-04 21:50:18 CEST.

Flavor Version Tinstall Tcheck Ttotal Status Flags
r-devel-linux-x86_64-debian-clang 1.0.4 20.32 155.38 175.70 NOTE
r-devel-linux-x86_64-debian-gcc 1.0.4 11.25 115.41 126.66 NOTE
r-devel-linux-x86_64-fedora-clang 1.0.4 271.35 OK
r-devel-linux-x86_64-fedora-gcc 1.0.4 278.01 OK
r-devel-windows-x86_64 1.0.4 20.00 157.00 177.00 NOTE
r-patched-linux-x86_64 1.0.4 17.67 150.24 167.91 NOTE
r-release-linux-x86_64 1.0.4 14.71 146.23 160.94 NOTE
r-release-macos-arm64 1.0.4 100.00 OK
r-release-macos-x86_64 1.0.4 154.00 OK
r-release-windows-x86_64 1.0.4 19.00 157.00 176.00 NOTE
r-oldrel-macos-arm64 1.0.4 84.00 OK
r-oldrel-macos-x86_64 1.0.4 237.00 OK
r-oldrel-windows-x86_64 1.0.4 25.00 198.00 223.00 OK

Check Details

Version: 1.0.4
Check: CRAN incoming feasibility
Result: NOTE Maintainer: ‘Nora Würz <nora.wuerz@uni-bamberg.de>’ No Authors@R field in DESCRIPTION. Please add one, modifying Authors@R: person(given = "Nora", family = "Würz", role = c("aut", "cre"), email = "nora.wuerz@uni-bamberg.de") as necessary. Flavors: r-devel-linux-x86_64-debian-clang, r-devel-linux-x86_64-debian-gcc

Version: 1.0.4
Check: Rd cross-references
Result: NOTE Found the following Rd file(s) with Rd \link{} targets missing package anchors: compare_pred.Rd: emdi write.excel.Rd: openxlsx Please provide package anchors for all Rd \link{} targets not in the package itself and the base packages. Flavors: r-devel-linux-x86_64-debian-clang, r-devel-linux-x86_64-debian-gcc, r-devel-windows-x86_64, r-patched-linux-x86_64, r-release-linux-x86_64, r-release-windows-x86_64