CRAN Package Check Results for Package saeSim

Last updated on 2025-10-16 21:49:56 CEST.

Flavor Version Tinstall Tcheck Ttotal Status Flags
r-devel-linux-x86_64-debian-clang 0.11.0 11.31 129.95 141.26 NOTE
r-devel-linux-x86_64-debian-gcc 0.12.0 8.42 93.26 101.68 OK
r-devel-linux-x86_64-fedora-clang 0.12.0 235.21 OK
r-devel-linux-x86_64-fedora-gcc 0.12.0 238.35 OK
r-devel-windows-x86_64 0.11.0 15.00 133.00 148.00 NOTE
r-patched-linux-x86_64 0.12.0 11.21 123.04 134.25 OK
r-release-linux-x86_64 0.11.0 11.86 123.15 135.01 NOTE
r-release-macos-arm64 0.11.0 60.00 NOTE
r-release-macos-x86_64 0.12.0 142.00 OK
r-release-windows-x86_64 0.12.0 13.00 138.00 151.00 OK
r-oldrel-macos-arm64 0.11.0 55.00 NOTE
r-oldrel-macos-x86_64 0.12.0 142.00 OK
r-oldrel-windows-x86_64 0.11.0 21.00 166.00 187.00 NOTE

Check Details

Version: 0.11.0
Check: Rd files
Result: NOTE checkRd: (-1) sim_setup_preconfigured.Rd:24: Lost braces in \itemize; meant \describe ? checkRd: (-1) sim_setup_preconfigured.Rd:25: Lost braces in \itemize; meant \describe ? checkRd: (-1) sim_setup_preconfigured.Rd:26: Lost braces in \itemize; meant \describe ? checkRd: (-1) sim_setup_preconfigured.Rd:27: Lost braces in \itemize; meant \describe ? checkRd: (-1) sim_setup_preconfigured.Rd:28: Lost braces in \itemize; meant \describe ? checkRd: (-1) sim_setup_preconfigured.Rd:29: Lost braces in \itemize; meant \describe ? checkRd: (-1) sim_setup_preconfigured.Rd:30: Lost braces in \itemize; meant \describe ? checkRd: (-1) sim_setup_preconfigured.Rd:31: Lost braces in \itemize; meant \describe ? Flavors: r-devel-linux-x86_64-debian-clang, r-devel-windows-x86_64, r-release-linux-x86_64, r-release-macos-arm64, r-oldrel-macos-arm64, r-oldrel-windows-x86_64

Version: 0.11.0
Check: Rd cross-references
Result: NOTE Found the following Rd file(s) with Rd \link{} targets missing package anchors: sim.Rd: parallelStart, parallelLibrary, parallelExport Please provide package anchors for all Rd \link{} targets not in the package itself and the base packages. Flavors: r-devel-linux-x86_64-debian-clang, r-devel-windows-x86_64, r-release-linux-x86_64