Last updated on 2025-05-10 12:49:54 CEST.
Flavor | Version | Tinstall | Tcheck | Ttotal | Status | Flags |
---|---|---|---|---|---|---|
r-devel-linux-x86_64-debian-clang | 0.1.1 | 1.77 | 26.20 | 27.97 | NOTE | |
r-devel-linux-x86_64-debian-gcc | 0.1.1 | 1.45 | 20.37 | 21.82 | NOTE | |
r-devel-linux-x86_64-fedora-clang | 0.1.1 | 48.14 | OK | |||
r-devel-linux-x86_64-fedora-gcc | 0.1.1 | 61.06 | OK | |||
r-devel-windows-x86_64 | 0.1.1 | 3.00 | 48.00 | 51.00 | OK | |
r-patched-linux-x86_64 | 0.1.1 | 1.91 | 25.24 | 27.15 | OK | |
r-release-linux-x86_64 | 0.1.1 | 1.70 | 25.52 | 27.22 | OK | |
r-release-macos-arm64 | 0.1.1 | 30.00 | OK | |||
r-release-macos-x86_64 | 0.1.1 | 46.00 | OK | |||
r-release-windows-x86_64 | 0.1.1 | 4.00 | 48.00 | 52.00 | OK | |
r-oldrel-macos-arm64 | 0.1.1 | 24.00 | OK | |||
r-oldrel-macos-x86_64 | 0.1.1 | 35.00 | OK | |||
r-oldrel-windows-x86_64 | 0.1.1 | 4.00 | 55.00 | 59.00 | OK |
Version: 0.1.1
Check: CRAN incoming feasibility
Result: NOTE
Maintainer: ‘Rizqina Rahmati <221810583@stis.ac.id>’
No Authors@R field in DESCRIPTION.
Please add one, modifying
Authors@R: c(person(given = "Rizqina",
family = "Rahmati",
role = c("aut", "cre"),
email = "221810583@stis.ac.id"),
person(given = "Azka",
family = "Ubaidillah",
role = "aut"))
as necessary.
Flavors: r-devel-linux-x86_64-debian-clang, r-devel-linux-x86_64-debian-gcc