Last updated on 2025-07-15 09:51:36 CEST.
Flavor | Version | Tinstall | Tcheck | Ttotal | Status | Flags |
---|---|---|---|---|---|---|
r-devel-linux-x86_64-debian-clang | 0.2.14 | 81.22 | 28.05 | 109.27 | OK | |
r-devel-linux-x86_64-debian-gcc | 0.2.14 | 60.23 | 22.69 | 82.92 | OK | |
r-devel-linux-x86_64-fedora-clang | 0.2.14 | 237.82 | OK | |||
r-devel-linux-x86_64-fedora-gcc | 0.2.14 | 204.31 | OK | |||
r-devel-windows-x86_64 | 0.2.14 | 96.00 | 79.00 | 175.00 | OK | |
r-patched-linux-x86_64 | 0.2.14 | 87.17 | 26.04 | 113.21 | OK | |
r-release-linux-x86_64 | 0.2.14 | 82.04 | 25.41 | 107.45 | OK | |
r-release-macos-arm64 | 0.2.14 | 53.00 | OK | |||
r-release-macos-x86_64 | 0.2.14 | 77.00 | OK | |||
r-release-windows-x86_64 | 0.2.14 | 98.00 | 86.00 | 184.00 | OK | |
r-oldrel-macos-arm64 | 0.2.14 | 69.00 | NOTE | |||
r-oldrel-macos-x86_64 | 0.2.14 | 77.00 | NOTE | |||
r-oldrel-windows-x86_64 | 0.2.14 | 98.00 | 83.00 | 181.00 | OK |
Version: 0.2.14
Check: installed package size
Result: NOTE
installed size is 8.9Mb
sub-directories of 1Mb or more:
libs 8.5Mb
Flavors: r-oldrel-macos-arm64, r-oldrel-macos-x86_64