Last updated on 2024-05-19 12:53:58 CEST.
Flavor | Version | Tinstall | Tcheck | Ttotal | Status | Flags |
---|---|---|---|---|---|---|
r-devel-linux-x86_64-debian-clang | 0.7.1 | 7.81 | 46.18 | 53.99 | NOTE | |
r-devel-linux-x86_64-debian-gcc | 0.7.1 | 5.40 | 34.70 | 40.10 | NOTE | |
r-devel-linux-x86_64-fedora-clang | 0.7.1 | 66.80 | NOTE | |||
r-devel-linux-x86_64-fedora-gcc | 0.7.1 | 68.91 | NOTE | |||
r-devel-windows-x86_64 | 0.7.1 | 9.00 | 64.00 | 73.00 | NOTE | |
r-patched-linux-x86_64 | 0.7.1 | 7.85 | 44.08 | 51.93 | NOTE | |
r-release-linux-x86_64 | 0.7.1 | 7.72 | 43.75 | 51.47 | NOTE | |
r-release-macos-arm64 | 0.7.1 | 27.00 | NOTE | |||
r-release-windows-x86_64 | 0.7.1 | 10.00 | 63.00 | 73.00 | NOTE | |
r-oldrel-macos-arm64 | 0.7.1 | 31.00 | OK | |||
r-oldrel-macos-x86_64 | 0.7.1 | 36.00 | OK | |||
r-oldrel-windows-x86_64 | 0.7.1 | 12.00 | 68.00 | 80.00 | OK |
Version: 0.7.1
Check: Rd files
Result: NOTE
checkRd: (-1) Valpha.Rd:15: Lost braces; missing escapes or markup?
15 | \item{V}{a numeric vector with (i,j) entry: V[i,j] = P(theta_{i} >= theta[alpha_{j}]|data) }
| ^
checkRd: (-1) Valpha.Rd:15: Lost braces; missing escapes or markup?
15 | \item{V}{a numeric vector with (i,j) entry: V[i,j] = P(theta_{i} >= theta[alpha_{j}]|data) }
| ^
Flavors: r-devel-linux-x86_64-debian-clang, r-devel-linux-x86_64-debian-gcc, r-devel-linux-x86_64-fedora-clang, r-devel-linux-x86_64-fedora-gcc, r-devel-windows-x86_64, r-patched-linux-x86_64, r-release-linux-x86_64, r-release-macos-arm64, r-release-windows-x86_64