Last updated on 2025-05-10 20:49:52 CEST.
Flavor | Version | Tinstall | Tcheck | Ttotal | Status | Flags |
---|---|---|---|---|---|---|
r-devel-linux-x86_64-debian-clang | 1.5-3 | 86.50 | 274.97 | 361.47 | OK | |
r-devel-linux-x86_64-debian-gcc | 1.5-3 | 56.13 | 167.65 | 223.78 | OK | |
r-devel-linux-x86_64-fedora-clang | 1.5-3 | 629.09 | OK | |||
r-devel-linux-x86_64-fedora-gcc | 1.5-3 | 623.25 | OK | |||
r-devel-windows-x86_64 | 1.5-3 | 88.00 | 272.00 | 360.00 | OK | |
r-patched-linux-x86_64 | 1.5-3 | 89.29 | 262.45 | 351.74 | OK | |
r-release-linux-x86_64 | 1.5-3 | 89.44 | 258.44 | 347.88 | OK | |
r-release-macos-arm64 | 1.5-3 | 158.00 | OK | |||
r-release-macos-x86_64 | 1.5-3 | 329.00 | OK | |||
r-release-windows-x86_64 | 1.5-3 | 86.00 | 270.00 | 356.00 | OK | |
r-oldrel-macos-arm64 | 1.5-3 | 137.00 | NOTE | |||
r-oldrel-macos-x86_64 | 1.5-3 | 263.00 | NOTE | |||
r-oldrel-windows-x86_64 | 1.5-3 | 127.00 | 347.00 | 474.00 | NOTE |
Version: 1.5-3
Check: installed package size
Result: NOTE
installed size is 7.7Mb
sub-directories of 1Mb or more:
R 3.1Mb
libs 2.4Mb
Flavors: r-oldrel-macos-arm64, r-oldrel-macos-x86_64, r-oldrel-windows-x86_64