Last updated on 2025-05-10 16:52:40 CEST.
Flavor | Version | Tinstall | Tcheck | Ttotal | Status | Flags |
---|---|---|---|---|---|---|
r-devel-linux-x86_64-debian-clang | 0.5.1 | 6.73 | 47.64 | 54.37 | NOTE | |
r-devel-linux-x86_64-debian-gcc | 0.5.1 | 3.80 | 33.84 | 37.64 | NOTE | |
r-devel-linux-x86_64-fedora-clang | 0.5.1 | 85.28 | NOTE | |||
r-devel-linux-x86_64-fedora-gcc | 0.5.1 | 95.38 | NOTE | |||
r-devel-windows-x86_64 | 0.5.1 | 8.00 | 74.00 | 82.00 | NOTE | |
r-patched-linux-x86_64 | 0.5.1 | 6.90 | 42.82 | 49.72 | NOTE | |
r-release-linux-x86_64 | 0.5.1 | 6.09 | 43.03 | 49.12 | NOTE | |
r-release-macos-arm64 | 0.5.1 | 32.00 | NOTE | |||
r-release-macos-x86_64 | 0.5.1 | 60.00 | NOTE | |||
r-release-windows-x86_64 | 0.5.1 | 9.00 | 66.00 | 75.00 | NOTE | |
r-oldrel-macos-arm64 | 0.5.1 | 33.00 | OK | |||
r-oldrel-macos-x86_64 | 0.5.1 | 56.00 | OK | |||
r-oldrel-windows-x86_64 | 0.5.1 | 11.00 | 75.00 | 86.00 | OK |
Version: 0.5.1
Check: DESCRIPTION meta-information
Result: NOTE
Missing dependency on R >= 4.1.0 because package code uses the pipe
|> or function shorthand \(...) syntax added in R 4.1.0.
File(s) using such syntax:
‘ma_support.R’ ‘mb_support.R’ ‘mb_timeline.R’ ‘memory_alpha.R’
‘memory_beta.R’ ‘stapi.Rd’ ‘tiles.R’
Flavors: r-devel-linux-x86_64-debian-clang, r-devel-linux-x86_64-debian-gcc, r-devel-linux-x86_64-fedora-clang, r-devel-linux-x86_64-fedora-gcc, r-devel-windows-x86_64, r-patched-linux-x86_64, r-release-linux-x86_64, r-release-macos-arm64, r-release-windows-x86_64
Version: 0.5.1
Check: DESCRIPTION meta-information
Result: NOTE
Missing dependency on R >= 4.1.0 because package code uses the pipe
|> or function shorthand \(...) syntax added in R 4.1.0.
File(s) using such syntax:
‘ma_support.R’ ‘mb_support.R’ ‘mb_timeline.R’ ‘memory_alpha.R’
‘memory_beta.R’ ‘tiles.R’
Flavor: r-release-macos-x86_64