Last updated on 2025-05-10 20:49:52 CEST.
Flavor | Version | Tinstall | Tcheck | Ttotal | Status | Flags |
---|---|---|---|---|---|---|
r-devel-linux-x86_64-debian-clang | 0.6-9 | 10.76 | 167.96 | 178.72 | NOTE | |
r-devel-linux-x86_64-debian-gcc | 0.6-9 | 7.01 | 105.67 | 112.68 | NOTE | |
r-devel-linux-x86_64-fedora-clang | 0.6-9 | 298.97 | OK | |||
r-devel-linux-x86_64-fedora-gcc | 0.6-9 | 290.02 | OK | |||
r-devel-windows-x86_64 | 0.6-9 | 17.00 | 161.00 | 178.00 | NOTE | |
r-patched-linux-x86_64 | 0.6-9 | 11.39 | 156.90 | 168.29 | NOTE | |
r-release-linux-x86_64 | 0.6-9 | 12.12 | 154.25 | 166.37 | NOTE | |
r-release-macos-arm64 | 0.6-9 | 71.00 | OK | |||
r-release-macos-x86_64 | 0.6-9 | 153.00 | OK | |||
r-release-windows-x86_64 | 0.6-9 | 14.00 | 163.00 | 177.00 | NOTE | |
r-oldrel-macos-arm64 | 0.6-9 | 64.00 | OK | |||
r-oldrel-macos-x86_64 | 0.6-9 | 109.00 | OK | |||
r-oldrel-windows-x86_64 | 0.6-9 | 19.00 | 203.00 | 222.00 | OK |
Version: 0.6-9
Check: Rd cross-references
Result: NOTE
Found the following Rd file(s) with Rd \link{} targets missing package
anchors:
getRtopParams.Rd: gstat
Please provide package anchors for all Rd \link{} targets not in the
package itself and the base packages.
Flavors: r-devel-linux-x86_64-debian-clang, r-devel-linux-x86_64-debian-gcc, r-devel-windows-x86_64, r-patched-linux-x86_64, r-release-linux-x86_64, r-release-windows-x86_64