Last updated on 2025-05-10 12:49:53 CEST.
Flavor | Version | Tinstall | Tcheck | Ttotal | Status | Flags |
---|---|---|---|---|---|---|
r-devel-linux-x86_64-debian-clang | 0.7.2 | 12.00 | 118.32 | 130.32 | NOTE | |
r-devel-linux-x86_64-debian-gcc | 0.7.2 | 6.28 | 78.65 | 84.93 | NOTE | |
r-devel-linux-x86_64-fedora-clang | 0.7.2 | 218.66 | NOTE | |||
r-devel-linux-x86_64-fedora-gcc | 0.7.2 | 203.40 | NOTE | |||
r-devel-windows-x86_64 | 0.7.2 | 13.00 | 133.00 | 146.00 | NOTE | |
r-patched-linux-x86_64 | 0.7.2 | 12.70 | 110.15 | 122.85 | NOTE | |
r-release-linux-x86_64 | 0.7.2 | 10.42 | 108.68 | 119.10 | NOTE | |
r-release-macos-arm64 | 0.7.2 | 61.00 | NOTE | |||
r-release-macos-x86_64 | 0.7.2 | 98.00 | NOTE | |||
r-release-windows-x86_64 | 0.7.2 | 13.00 | 134.00 | 147.00 | NOTE | |
r-oldrel-macos-arm64 | 0.7.2 | 51.00 | NOTE | |||
r-oldrel-macos-x86_64 | 0.7.2 | 74.00 | NOTE | |||
r-oldrel-windows-x86_64 | 0.7.2 | 17.00 | 170.00 | 187.00 | NOTE |
Version: 0.7.2
Check: Rd files
Result: NOTE
checkRd: (-1) box_m.Rd:19: Lost braces in \itemize; \value handles \item{}{} directly
checkRd: (-1) box_m.Rd:20: Lost braces in \itemize; \value handles \item{}{} directly
checkRd: (-1) box_m.Rd:21: Lost braces in \itemize; \value handles \item{}{} directly
checkRd: (-1) box_m.Rd:22: Lost braces in \itemize; \value handles \item{}{} directly
checkRd: (-1) wilcox_test.Rd:91: Lost braces; missing escapes or markup?
91 | distribution of \code{(u+v)/2}, where \code{u} and {v} are independent, each
| ^
Flavors: r-devel-linux-x86_64-debian-clang, r-devel-linux-x86_64-debian-gcc, r-devel-linux-x86_64-fedora-clang, r-devel-linux-x86_64-fedora-gcc, r-devel-windows-x86_64, r-patched-linux-x86_64, r-release-linux-x86_64, r-release-macos-arm64, r-release-macos-x86_64, r-release-windows-x86_64, r-oldrel-macos-arm64, r-oldrel-macos-x86_64, r-oldrel-windows-x86_64