Last updated on 2025-05-10 20:49:52 CEST.
Flavor | Version | Tinstall | Tcheck | Ttotal | Status | Flags |
---|---|---|---|---|---|---|
r-devel-linux-x86_64-debian-clang | 0.5 | 3.57 | 28.96 | 32.53 | NOTE | |
r-devel-linux-x86_64-debian-gcc | 0.5 | 2.46 | 21.76 | 24.22 | NOTE | |
r-devel-linux-x86_64-fedora-clang | 0.5 | 51.01 | OK | |||
r-devel-linux-x86_64-fedora-gcc | 0.5 | 51.92 | OK | |||
r-devel-windows-x86_64 | 0.5 | 4.00 | 59.00 | 63.00 | OK | |
r-patched-linux-x86_64 | 0.5 | 3.90 | 27.80 | 31.70 | OK | |
r-release-linux-x86_64 | 0.5 | 3.49 | 27.53 | 31.02 | OK | |
r-release-macos-arm64 | 0.5 | 22.00 | OK | |||
r-release-macos-x86_64 | 0.5 | 49.00 | OK | |||
r-release-windows-x86_64 | 0.5 | 5.00 | 60.00 | 65.00 | OK | |
r-oldrel-macos-arm64 | 0.5 | 27.00 | OK | |||
r-oldrel-macos-x86_64 | 0.5 | 49.00 | OK | |||
r-oldrel-windows-x86_64 | 0.5 | 4.00 | 62.00 | 66.00 | OK |
Version: 0.5
Check: CRAN incoming feasibility
Result: NOTE
Maintainer: ‘Theodore Lytras <thlytras@gmail.com>’
No Authors@R field in DESCRIPTION.
Please add one, modifying
Authors@R: person(given = "Theodore",
family = "Lytras",
role = c("aut", "cre"),
email = "thlytras@gmail.com")
as necessary.
Flavors: r-devel-linux-x86_64-debian-clang, r-devel-linux-x86_64-debian-gcc