Last updated on 2025-05-10 16:52:40 CEST.
Flavor | Version | Tinstall | Tcheck | Ttotal | Status | Flags |
---|---|---|---|---|---|---|
r-devel-linux-x86_64-debian-clang | 0.0.5 | 1.85 | 21.00 | 22.85 | OK | |
r-devel-linux-x86_64-debian-gcc | 0.0.5 | 1.35 | 16.92 | 18.27 | OK | |
r-devel-linux-x86_64-fedora-clang | 0.0.5 | 36.31 | OK | |||
r-devel-linux-x86_64-fedora-gcc | 0.0.5 | 63.57 | OK | |||
r-devel-windows-x86_64 | 0.0.5 | 3.00 | 43.00 | 46.00 | OK | |
r-patched-linux-x86_64 | 0.0.5 | 1.76 | 20.40 | 22.16 | OK | |
r-release-linux-x86_64 | 0.0.5 | 1.60 | 20.28 | 21.88 | OK | |
r-release-macos-arm64 | 0.0.5 | 38.00 | OK | |||
r-release-macos-x86_64 | 0.0.5 | 69.00 | OK | |||
r-release-windows-x86_64 | 0.0.5 | 3.00 | 43.00 | 46.00 | OK | |
r-oldrel-macos-arm64 | 0.0.5 | 24.00 | NOTE | |||
r-oldrel-macos-x86_64 | 0.0.5 | 41.00 | NOTE | |||
r-oldrel-windows-x86_64 | 0.0.5 | 2.00 | 47.00 | 49.00 | NOTE |
Version: 0.0.5
Check: LazyData
Result: NOTE
'LazyData' is specified without a 'data' directory
Flavors: r-oldrel-macos-arm64, r-oldrel-macos-x86_64, r-oldrel-windows-x86_64