CRAN Package Check Results for Package rredlist

Last updated on 2025-07-28 09:50:13 CEST.

Flavor Version Tinstall Tcheck Ttotal Status Flags
r-devel-linux-x86_64-debian-clang 1.0.0 3.11 56.21 59.32 OK
r-devel-linux-x86_64-debian-gcc 1.0.0 2.80 42.24 45.04 OK
r-devel-linux-x86_64-fedora-clang 1.1.0 92.56 OK
r-devel-linux-x86_64-fedora-gcc 1.1.0 104.27 OK
r-devel-windows-x86_64 1.0.0 6.00 79.00 85.00 OK
r-patched-linux-x86_64 1.0.0 4.98 52.21 57.19 OK
r-release-linux-x86_64 1.0.0 3.73 52.03 55.76 OK
r-release-macos-arm64 1.1.0 55.00 OK
r-release-macos-x86_64 1.1.0 81.00 OK
r-release-windows-x86_64 1.1.0 9.00 99.00 108.00 OK
r-oldrel-macos-arm64 1.1.0 37.00 OK
r-oldrel-macos-x86_64 1.1.0 94.00 OK
r-oldrel-windows-x86_64 1.1.0 7.00 96.00 103.00 ERROR

Check Details

Version: 1.1.0
Check: re-building of vignette outputs
Result: ERROR Error(s) in re-building vignettes: --- re-building 'benchmarks.Rmd' using rmarkdown --- finished re-building 'benchmarks.Rmd' --- re-building 'research_workflows.Rmd' using rmarkdown File figure/unnamed-chunk-7-1.png not found in resource path Error: processing vignette 'research_workflows.Rmd' failed with diagnostics: pandoc document conversion failed with error 99 --- failed re-building 'research_workflows.Rmd' --- re-building 'rredlist.Rmd' using rmarkdown --- finished re-building 'rredlist.Rmd' SUMMARY: processing the following file failed: 'research_workflows.Rmd' Error: Vignette re-building failed. Execution halted Flavor: r-oldrel-windows-x86_64