Last updated on 2025-05-10 16:52:40 CEST.
Flavor | Version | Tinstall | Tcheck | Ttotal | Status | Flags |
---|---|---|---|---|---|---|
r-devel-linux-x86_64-debian-clang | 1.0.5 | 2.86 | 28.59 | 31.45 | NOTE | |
r-devel-linux-x86_64-debian-gcc | 1.0.5 | 2.07 | 21.25 | 23.32 | NOTE | |
r-devel-linux-x86_64-fedora-clang | 1.0.5 | 49.45 | OK | |||
r-devel-linux-x86_64-fedora-gcc | 1.0.5 | 49.31 | OK | |||
r-devel-windows-x86_64 | 1.0.5 | 4.00 | 52.00 | 56.00 | OK | |
r-patched-linux-x86_64 | 1.0.5 | 3.14 | 27.19 | 30.33 | OK | |
r-release-linux-x86_64 | 1.0.5 | 2.88 | 27.20 | 30.08 | OK | |
r-release-macos-arm64 | 1.0.5 | 17.00 | OK | |||
r-release-macos-x86_64 | 1.0.5 | 31.00 | OK | |||
r-release-windows-x86_64 | 1.0.5 | 4.00 | 53.00 | 57.00 | OK | |
r-oldrel-macos-arm64 | 1.0.5 | 18.00 | OK | |||
r-oldrel-macos-x86_64 | 1.0.5 | 26.00 | OK | |||
r-oldrel-windows-x86_64 | 1.0.5 | 4.00 | 59.00 | 63.00 | OK |
Version: 1.0.5
Check: CRAN incoming feasibility
Result: NOTE
Maintainer: ‘Sascha Herrmann <sascha.herrmann.consulting@gmail.com>’
No Authors@R field in DESCRIPTION.
Please add one, modifying
Authors@R: person(given = "Sascha",
family = "Herrmann",
role = c("aut", "cre"),
email = "sascha.herrmann.consulting@gmail.com")
as necessary.
Flavors: r-devel-linux-x86_64-debian-clang, r-devel-linux-x86_64-debian-gcc