CRAN Package Check Results for Package rpivotTable

Last updated on 2025-07-15 01:49:29 CEST.

Flavor Version Tinstall Tcheck Ttotal Status Flags
r-devel-linux-x86_64-debian-clang 0.3.0 2.42 33.41 35.83 NOTE
r-devel-linux-x86_64-debian-gcc 0.3.0 1.87 27.06 28.93 NOTE
r-devel-linux-x86_64-fedora-clang 0.3.0 55.71 NOTE
r-devel-linux-x86_64-fedora-gcc 0.3.0 70.33 NOTE
r-devel-windows-x86_64 0.3.0 4.00 53.00 57.00 NOTE
r-patched-linux-x86_64 0.3.0 2.70 30.62 33.32 NOTE
r-release-linux-x86_64 0.3.0 2.52 30.52 33.04 NOTE
r-release-macos-arm64 0.3.0 40.00 NOTE
r-release-macos-x86_64 0.3.0 48.00 NOTE
r-release-windows-x86_64 0.3.0 4.00 61.00 65.00 NOTE
r-oldrel-macos-arm64 0.3.0 30.00 NOTE
r-oldrel-macos-x86_64 0.3.0 40.00 NOTE
r-oldrel-windows-x86_64 0.3.0 6.00 61.00 67.00 NOTE

Check Details

Version: 0.3.0
Check: Rd files
Result: NOTE checkRd: (-1) rpivotTable.Rd:60: Lost braces; missing escapes or markup? 60 | An example is: onRefresh=htmlwidgets::JS("function(config) { Shiny.onInputChange('myPivotData', config); }") | ^ Flavors: r-devel-linux-x86_64-debian-clang, r-devel-linux-x86_64-debian-gcc, r-devel-linux-x86_64-fedora-clang, r-devel-linux-x86_64-fedora-gcc, r-devel-windows-x86_64, r-patched-linux-x86_64, r-release-linux-x86_64, r-release-macos-arm64, r-release-macos-x86_64, r-release-windows-x86_64, r-oldrel-macos-arm64, r-oldrel-macos-x86_64, r-oldrel-windows-x86_64