Last updated on 2025-05-10 16:52:40 CEST.
Flavor | Version | Tinstall | Tcheck | Ttotal | Status | Flags |
---|---|---|---|---|---|---|
r-devel-linux-x86_64-debian-clang | 1.0-2 | 2.20 | 28.58 | 30.78 | NOTE | |
r-devel-linux-x86_64-debian-gcc | 1.0-2 | 1.62 | 21.80 | 23.42 | NOTE | |
r-devel-linux-x86_64-fedora-clang | 1.0-2 | 48.41 | OK | |||
r-devel-linux-x86_64-fedora-gcc | 1.0-2 | 49.49 | OK | |||
r-devel-windows-x86_64 | 1.0-2 | 3.00 | 48.00 | 51.00 | OK | |
r-patched-linux-x86_64 | 1.0-2 | 2.25 | 27.36 | 29.61 | OK | |
r-release-linux-x86_64 | 1.0-2 | 2.05 | 26.87 | 28.92 | OK | |
r-release-macos-arm64 | 1.0-2 | 19.00 | OK | |||
r-release-macos-x86_64 | 1.0-2 | 34.00 | OK | |||
r-release-windows-x86_64 | 1.0-2 | 4.00 | 50.00 | 54.00 | OK | |
r-oldrel-macos-arm64 | 1.0-2 | 17.00 | OK | |||
r-oldrel-macos-x86_64 | 1.0-2 | 25.00 | OK | |||
r-oldrel-windows-x86_64 | 1.0-2 | 3.00 | 53.00 | 56.00 | OK |
Version: 1.0-2
Check: CRAN incoming feasibility
Result: NOTE
Maintainer: ‘Giuliano Galimberti <giuliano.galimberti@unibo.it>’
No Authors@R field in DESCRIPTION.
Please add one, modifying
Authors@R: c(person(given = "Giuliano",
family = "Galimberti",
role = c("aut", "cre"),
email = "giuliano.galimberti@unibo.it"),
person(given = "Gabriele",
family = "Soffritti",
role = "aut"),
person(given = c("Matteo", "Di"),
family = "Maso",
role = "aut"))
as necessary.
Package CITATION file contains call(s) to old-style personList() or
as.personList(). Please use c() on person objects instead.
Package CITATION file contains call(s) to old-style citEntry(). Please
use bibentry() instead.
Flavors: r-devel-linux-x86_64-debian-clang, r-devel-linux-x86_64-debian-gcc