Last updated on 2025-05-10 16:52:40 CEST.
Flavor | Version | Tinstall | Tcheck | Ttotal | Status | Flags |
---|---|---|---|---|---|---|
r-devel-linux-x86_64-debian-clang | 0.1.1 | 3.99 | 32.92 | 36.91 | NOTE | |
r-devel-linux-x86_64-debian-gcc | 0.1.1 | 2.47 | 25.33 | 27.80 | NOTE | |
r-devel-linux-x86_64-fedora-clang | 0.1.1 | 54.10 | OK | |||
r-devel-linux-x86_64-fedora-gcc | 0.1.1 | 53.52 | OK | |||
r-devel-windows-x86_64 | 0.1.1 | 6.00 | 50.00 | 56.00 | OK | |
r-patched-linux-x86_64 | 0.1.1 | 3.60 | 30.29 | 33.89 | OK | |
r-release-linux-x86_64 | 0.1.1 | 3.91 | 30.17 | 34.08 | OK | |
r-release-macos-arm64 | 0.1.1 | 21.00 | OK | |||
r-release-macos-x86_64 | 0.1.1 | 34.00 | OK | |||
r-release-windows-x86_64 | 0.1.1 | 6.00 | 51.00 | 57.00 | OK | |
r-oldrel-macos-arm64 | 0.1.1 | 22.00 | OK | |||
r-oldrel-macos-x86_64 | 0.1.1 | 29.00 | OK | |||
r-oldrel-windows-x86_64 | 0.1.1 | 6.00 | 61.00 | 67.00 | OK |
Version: 0.1.1
Check: DESCRIPTION meta-information
Result: NOTE
Author field differs from that derived from Authors@R
Author: ‘Max Czapanskiy [aut, cre] (0000-0002-6302-905X), Shirel Kahane-Rapport [aut] (<https://orcid.org/0000-0002-5208-1100>), Jeremy Goldbogen [aut] (<https://orcid.org/0000-0002-4170-7294>)’
Authors@R: ‘Max Czapanskiy [aut, cre] (ORCID-ID: 0000-0002-6302-905X), Shirel Kahane-Rapport [aut] (ORCID: <https://orcid.org/0000-0002-5208-1100>), Jeremy Goldbogen [aut] (ORCID: <https://orcid.org/0000-0002-4170-7294>)’
Flavors: r-devel-linux-x86_64-debian-clang, r-devel-linux-x86_64-debian-gcc