CRAN Package Check Results for Package rolldown

Last updated on 2025-07-15 12:49:32 CEST.

Flavor Version Tinstall Tcheck Ttotal Status Flags
r-devel-linux-x86_64-debian-clang 0.2 2.03 29.89 31.92 NOTE
r-devel-linux-x86_64-debian-gcc 0.2 1.68 24.64 26.32 NOTE
r-devel-linux-x86_64-fedora-clang 0.2 49.24 OK
r-devel-linux-x86_64-fedora-gcc 0.2 59.56 OK
r-devel-windows-x86_64 0.2 4.00 48.00 52.00 OK
r-patched-linux-x86_64 0.2 2.41 27.33 29.74 OK
r-release-linux-x86_64 0.2 1.64 27.26 28.90 OK
r-release-macos-arm64 0.2 29.00 OK
r-release-macos-x86_64 0.2 48.00 OK
r-release-windows-x86_64 0.2 4.00 53.00 57.00 OK
r-oldrel-macos-arm64 0.2 41.00 OK
r-oldrel-macos-x86_64 0.2 52.00 OK
r-oldrel-windows-x86_64 0.2 6.00 56.00 62.00 OK

Check Details

Version: 0.2
Check: DESCRIPTION meta-information
Result: NOTE Author field differs from that derived from Authors@R Author: ‘Yihui Xie [aut, cre] (<https://orcid.org/0000-0003-0645-5666>, https://yihui.org), Siqi Zhang [ctb], Russell Goldenberg [ctb] (The JS library inst/resources/scrollama/scrollama.min.js)’ Authors@R: ‘Yihui Xie [aut, cre] (ORCID: <https://orcid.org/0000-0003-0645-5666>, URL: https://yihui.org), Siqi Zhang [ctb], Russell Goldenberg [ctb] (The JS library inst/resources/scrollama/scrollama.min.js)’ Flavors: r-devel-linux-x86_64-debian-clang, r-devel-linux-x86_64-debian-gcc