Last updated on 2025-07-21 09:50:04 CEST.
Flavor | Version | Tinstall | Tcheck | Ttotal | Status | Flags |
---|---|---|---|---|---|---|
r-devel-linux-x86_64-debian-clang | 0.1.0 | 1.70 | 18.11 | 19.81 | OK | |
r-devel-linux-x86_64-debian-gcc | 0.1.0 | 1.34 | 15.51 | 16.85 | OK | |
r-devel-linux-x86_64-fedora-clang | 0.1.0 | 28.95 | OK | |||
r-devel-linux-x86_64-fedora-gcc | 0.1.0 | 27.48 | OK | |||
r-devel-windows-x86_64 | 0.1.0 | 3.00 | 38.00 | 41.00 | OK | |
r-patched-linux-x86_64 | 0.1.0 | 1.68 | 16.01 | 17.69 | OK | |
r-release-linux-x86_64 | 0.1.0 | 1.54 | 16.17 | 17.71 | OK | |
r-release-macos-arm64 | 0.1.0 | 17.00 | OK | |||
r-release-macos-x86_64 | 0.1.0 | 24.00 | OK | |||
r-release-windows-x86_64 | 0.1.0 | 3.00 | 42.00 | 45.00 | OK | |
r-oldrel-macos-arm64 | 0.1.0 | 14.00 | NOTE | |||
r-oldrel-macos-x86_64 | 0.1.0 | 24.00 | NOTE | |||
r-oldrel-windows-x86_64 | 0.1.0 | 3.00 | 41.00 | 44.00 | NOTE |
Version: 0.1.0
Check: LazyData
Result: NOTE
'LazyData' is specified without a 'data' directory
Flavors: r-oldrel-macos-arm64, r-oldrel-macos-x86_64, r-oldrel-windows-x86_64