Last updated on 2025-05-10 20:49:51 CEST.
Flavor | Version | Tinstall | Tcheck | Ttotal | Status | Flags |
---|---|---|---|---|---|---|
r-devel-linux-x86_64-debian-clang | 0.8.2 | 4.41 | 106.14 | 110.55 | NOTE | |
r-devel-linux-x86_64-debian-gcc | 0.8.2 | 3.09 | 69.00 | 72.09 | NOTE | |
r-devel-linux-x86_64-fedora-clang | 0.8.2 | 169.56 | OK | |||
r-devel-linux-x86_64-fedora-gcc | 0.8.2 | 176.07 | OK | |||
r-devel-windows-x86_64 | 0.8.2 | 7.00 | 198.00 | 205.00 | OK | |
r-patched-linux-x86_64 | 0.8.2 | 4.33 | 88.89 | 93.22 | OK | |
r-release-linux-x86_64 | 0.8.2 | 5.49 | 89.07 | 94.56 | OK | |
r-release-macos-arm64 | 0.8.2 | 66.00 | OK | |||
r-release-macos-x86_64 | 0.8.2 | 125.00 | OK | |||
r-release-windows-x86_64 | 0.8.2 | 7.00 | 197.00 | 204.00 | OK | |
r-oldrel-macos-arm64 | 0.8.2 | 73.00 | OK | |||
r-oldrel-macos-x86_64 | 0.8.2 | 146.00 | OK | |||
r-oldrel-windows-x86_64 | 0.8.2 | 10.00 | 208.00 | 218.00 | OK |
Version: 0.8.2
Check: CRAN incoming feasibility
Result: NOTE
Maintainer: ‘David Kneis <david.kneis@tu-dresden.de>’
No Authors@R field in DESCRIPTION.
Please add one, modifying
Authors@R: person(given = "David",
family = "Kneis",
role = c("aut", "cre"),
email = "david.kneis@tu-dresden.de")
as necessary.
Flavors: r-devel-linux-x86_64-debian-clang, r-devel-linux-x86_64-debian-gcc