Last updated on 2025-07-15 12:49:32 CEST.
Flavor | Version | Tinstall | Tcheck | Ttotal | Status | Flags |
---|---|---|---|---|---|---|
r-devel-linux-x86_64-debian-clang | 1.1.9 | 25.52 | 38.31 | 63.83 | NOTE | |
r-devel-linux-x86_64-debian-gcc | 1.1.9 | 18.93 | 29.92 | 48.85 | NOTE | |
r-devel-linux-x86_64-fedora-clang | 1.1.9 | 111.02 | OK | |||
r-devel-linux-x86_64-fedora-gcc | 1.1.9 | 115.95 | OK | |||
r-devel-windows-x86_64 | 1.1.9 | 29.00 | 83.00 | 112.00 | OK | |
r-patched-linux-x86_64 | 1.1.9 | 27.60 | 36.18 | 63.78 | OK | |
r-release-linux-x86_64 | 1.1.9 | 26.90 | 35.96 | 62.86 | OK | |
r-release-macos-arm64 | 1.1.9 | 47.00 | OK | |||
r-release-macos-x86_64 | 1.1.9 | 67.00 | OK | |||
r-release-windows-x86_64 | 1.1.9 | 30.00 | 91.00 | 121.00 | OK | |
r-oldrel-macos-arm64 | 1.1.9 | 54.00 | OK | |||
r-oldrel-macos-x86_64 | 1.1.9 | 93.00 | OK | |||
r-oldrel-windows-x86_64 | 1.1.9 | 27.00 | 95.00 | 122.00 | OK |
Version: 1.1.9
Check: CRAN incoming feasibility
Result: NOTE
Maintainer: ‘Ulrich Bodenhofer <ulrich@bodenhofer.com>’
No Authors@R field in DESCRIPTION.
Please add one, modifying
Authors@R: c(person(given = "Martin",
family = "Krone",
role = "aut"),
person(given = "Ulrich",
family = "Bodenhofer",
role = c("aut", "cre"),
email = "ulrich@bodenhofer.com"))
as necessary.
Flavors: r-devel-linux-x86_64-debian-clang, r-devel-linux-x86_64-debian-gcc