Last updated on 2025-05-10 20:49:51 CEST.
Flavor | Version | Tinstall | Tcheck | Ttotal | Status | Flags |
---|---|---|---|---|---|---|
r-devel-linux-x86_64-debian-clang | 0.3.0 | 8.81 | 62.21 | 71.02 | NOTE | |
r-devel-linux-x86_64-debian-gcc | 0.3.0 | 5.55 | 44.02 | 49.57 | NOTE | |
r-devel-linux-x86_64-fedora-clang | 0.3.0 | 108.89 | OK | |||
r-devel-linux-x86_64-fedora-gcc | 0.3.0 | 103.26 | OK | |||
r-devel-windows-x86_64 | 0.3.0 | 9.00 | 70.00 | 79.00 | NOTE | |
r-patched-linux-x86_64 | 0.3.0 | 7.97 | 58.07 | 66.04 | NOTE | |
r-release-linux-x86_64 | 0.3.0 | 8.73 | 57.38 | 66.11 | NOTE | |
r-release-macos-arm64 | 0.3.0 | 34.00 | OK | |||
r-release-macos-x86_64 | 0.3.0 | 83.00 | OK | |||
r-release-windows-x86_64 | 0.3.0 | 10.00 | 74.00 | 84.00 | NOTE | |
r-oldrel-macos-arm64 | 0.3.0 | 32.00 | OK | |||
r-oldrel-macos-x86_64 | 0.3.0 | 49.00 | OK | |||
r-oldrel-windows-x86_64 | 0.3.0 | 12.00 | 82.00 | 94.00 | OK |
Version: 0.3.0
Check: CRAN incoming feasibility
Result: NOTE
Maintainer: ‘Felipe Queiroz <ffelipeq@outlook.com>’
The Description field contains
regression are described in Maluf et al. (2022) <arXiv:2209.11315>.
Please refer to arXiv e-prints via their arXiv DOI <doi:10.48550/arXiv.YYMM.NNNNN>.
Flavors: r-devel-linux-x86_64-debian-clang, r-devel-linux-x86_64-debian-gcc
Version: 0.3.0
Check: Rd cross-references
Result: NOTE
Found the following Rd file(s) with Rd \link{} targets missing package
anchors:
robustbetareg.Rd: betareg
Please provide package anchors for all Rd \link{} targets not in the
package itself and the base packages.
Flavors: r-devel-linux-x86_64-debian-clang, r-devel-linux-x86_64-debian-gcc, r-devel-windows-x86_64, r-patched-linux-x86_64, r-release-linux-x86_64, r-release-windows-x86_64