Last updated on 2025-05-10 16:52:40 CEST.
Flavor | Version | Tinstall | Tcheck | Ttotal | Status | Flags |
---|---|---|---|---|---|---|
r-devel-linux-x86_64-debian-clang | 4.1.5 | 20.68 | 77.89 | 98.57 | NOTE | |
r-devel-linux-x86_64-debian-gcc | 4.1.5 | 13.69 | 49.66 | 63.35 | NOTE | |
r-devel-linux-x86_64-fedora-clang | 4.1.5 | 168.40 | NOTE | |||
r-devel-linux-x86_64-fedora-gcc | 4.1.5 | 156.81 | NOTE | |||
r-devel-windows-x86_64 | 4.1.5 | 26.00 | 100.00 | 126.00 | NOTE | |
r-patched-linux-x86_64 | 4.1.5 | 20.33 | 72.52 | 92.85 | NOTE | |
r-release-linux-x86_64 | 4.1.5 | 17.18 | 74.08 | 91.26 | NOTE | |
r-release-macos-arm64 | 4.1.5 | 43.00 | NOTE | |||
r-release-macos-x86_64 | 4.1.5 | 90.00 | NOTE | |||
r-release-windows-x86_64 | 4.1.5 | 25.00 | 104.00 | 129.00 | NOTE | |
r-oldrel-macos-arm64 | 4.1.5 | 46.00 | OK | |||
r-oldrel-macos-x86_64 | 4.1.5 | 104.00 | OK | |||
r-oldrel-windows-x86_64 | 4.1.5 | 22.00 | 126.00 | 148.00 | OK |
Version: 4.1.5
Check: compiled code
Result: NOTE
File ‘robfilter/libs/robfilter.so’:
Found non-API call to R: ‘Rf_isFrame’
Compiled code should not call non-API entry points in R.
See ‘Writing portable packages’ in the ‘Writing R Extensions’ manual,
and section ‘Moving into C API compliance’ for issues with the use of
non-API entry points.
Flavors: r-devel-linux-x86_64-debian-clang, r-devel-linux-x86_64-debian-gcc, r-devel-linux-x86_64-fedora-clang, r-devel-linux-x86_64-fedora-gcc, r-patched-linux-x86_64, r-release-linux-x86_64, r-release-macos-arm64, r-release-macos-x86_64
Version: 4.1.5
Check: compiled code
Result: NOTE
File 'robfilter/libs/x64/robfilter.dll':
Found non-API call to R: 'Rf_isFrame'
Compiled code should not call non-API entry points in R.
See 'Writing portable packages' in the 'Writing R Extensions' manual,
and section 'Moving into C API compliance' for issues with the use of
non-API entry points.
Flavors: r-devel-windows-x86_64, r-release-windows-x86_64