CRAN Package Check Results for Package rmdplugr

Last updated on 2025-07-24 05:49:23 CEST.

Flavor Version Tinstall Tcheck Ttotal Status Flags
r-devel-linux-x86_64-debian-clang 0.4.1 2.41 30.53 32.94 NOTE
r-devel-linux-x86_64-debian-gcc 0.4.1 1.83 25.39 27.22 NOTE
r-devel-linux-x86_64-fedora-clang 0.4.1 51.05 OK
r-devel-linux-x86_64-fedora-gcc 0.4.1 62.78 OK
r-devel-windows-x86_64 0.4.1 5.00 60.00 65.00 OK
r-patched-linux-x86_64 0.4.1 2.26 28.40 30.66 OK
r-release-linux-x86_64 0.4.1 2.43 28.24 30.67 OK
r-release-macos-arm64 0.4.1 49.00 OK
r-release-macos-x86_64 0.4.1 93.00 OK
r-release-windows-x86_64 0.4.1 5.00 61.00 66.00 OK
r-oldrel-macos-arm64 0.4.1 25.00 NOTE
r-oldrel-macos-x86_64 0.4.1 39.00 NOTE
r-oldrel-windows-x86_64 0.4.1 5.00 66.00 71.00 NOTE

Check Details

Version: 0.4.1
Check: CRAN incoming feasibility
Result: NOTE Maintainer: ‘Johan Larsson <johanlarsson@outlook.com>’ Package CITATION file contains call(s) to old-style personList() or as.personList(). Please use c() on person objects instead. Flavors: r-devel-linux-x86_64-debian-clang, r-devel-linux-x86_64-debian-gcc

Version: 0.4.1
Check: LazyData
Result: NOTE 'LazyData' is specified without a 'data' directory Flavors: r-oldrel-macos-arm64, r-oldrel-macos-x86_64, r-oldrel-windows-x86_64