Last updated on 2025-05-10 16:52:39 CEST.
Flavor | Version | Tinstall | Tcheck | Ttotal | Status | Flags |
---|---|---|---|---|---|---|
r-devel-linux-x86_64-debian-clang | 0.9.2 | 2.73 | 20.28 | 23.01 | NOTE | |
r-devel-linux-x86_64-debian-gcc | 0.9.2 | 2.03 | 17.05 | 19.08 | NOTE | |
r-devel-linux-x86_64-fedora-clang | 0.9.2 | 35.73 | OK | |||
r-devel-linux-x86_64-fedora-gcc | 0.9.2 | 34.25 | OK | |||
r-devel-windows-x86_64 | 0.9.2 | 6.00 | 44.00 | 50.00 | OK | |
r-patched-linux-x86_64 | 0.9.2 | 2.88 | 19.65 | 22.53 | OK | |
r-release-linux-x86_64 | 0.9.2 | 2.41 | 20.17 | 22.58 | OK | |
r-release-macos-arm64 | 0.9.2 | 19.00 | OK | |||
r-release-macos-x86_64 | 0.9.2 | 28.00 | OK | |||
r-release-windows-x86_64 | 0.9.2 | 5.00 | 47.00 | 52.00 | OK | |
r-oldrel-macos-arm64 | 0.9.2 | 23.00 | OK | |||
r-oldrel-macos-x86_64 | 0.9.2 | 33.00 | OK | |||
r-oldrel-windows-x86_64 | 0.9.2 | 6.00 | 50.00 | 56.00 | OK |
Version: 0.9.2
Check: CRAN incoming feasibility
Result: NOTE
Maintainer: ‘Pavel N. Krivitsky <pavel@statnet.org>’
Package has help file(s) containing later-stage \Sexpr{} expressions
but no 'build/stage23.rdb' file.
Flavors: r-devel-linux-x86_64-debian-clang, r-devel-linux-x86_64-debian-gcc