Last updated on 2025-05-10 16:52:39 CEST.
Flavor | Version | Tinstall | Tcheck | Ttotal | Status | Flags |
---|---|---|---|---|---|---|
r-devel-linux-x86_64-debian-clang | 1.0.2 | 109.74 | 88.40 | 198.14 | OK | |
r-devel-linux-x86_64-debian-gcc | 1.0.2 | 93.17 | 61.47 | 154.64 | OK | |
r-devel-linux-x86_64-fedora-clang | 1.0.2 | 311.29 | OK | |||
r-devel-linux-x86_64-fedora-gcc | 1.0.2 | 402.05 | OK | |||
r-devel-windows-x86_64 | 1.0.2 | 116.00 | 129.00 | 245.00 | OK | |
r-patched-linux-x86_64 | 1.0.2 | 121.69 | 89.44 | 211.13 | OK | |
r-release-linux-x86_64 | 1.0.2 | 120.47 | 87.74 | 208.21 | OK | |
r-release-macos-arm64 | 1.0.2 | 76.00 | OK | |||
r-release-macos-x86_64 | 1.0.2 | 173.00 | OK | |||
r-release-windows-x86_64 | 1.0.2 | 118.00 | 135.00 | 253.00 | OK | |
r-oldrel-macos-arm64 | 1.0.2 | 84.00 | NOTE | |||
r-oldrel-macos-x86_64 | 1.0.2 | 129.00 | NOTE | |||
r-oldrel-windows-x86_64 | 1.0.2 | 139.00 | 164.00 | 303.00 | OK |
Version: 1.0.2
Check: installed package size
Result: NOTE
installed size is 44.8Mb
sub-directories of 1Mb or more:
libs 44.2Mb
Flavors: r-oldrel-macos-arm64, r-oldrel-macos-x86_64